CRAN Package Check Results for Package CJAMP

Last updated on 2022-01-26 05:54:10 CET.

Flavor Version Tinstall Tcheck Ttotal Status Flags
r-devel-linux-x86_64-debian-clang 0.1.1 3.11 148.10 151.21 NOTE
r-devel-linux-x86_64-debian-gcc 0.1.1 3.10 106.73 109.83 NOTE
r-devel-linux-x86_64-fedora-clang 0.1.1 181.18 NOTE
r-devel-linux-x86_64-fedora-gcc 0.1.1 177.27 NOTE
r-devel-windows-x86_64-new-UL 0.1.1 21.00 179.00 200.00 NOTE
r-devel-windows-x86_64-new-TK 0.1.1 NOTE
r-patched-linux-x86_64 0.1.1 4.07 142.06 146.13 NOTE
r-release-linux-x86_64 0.1.1 2.94 143.71 146.65 NOTE
r-release-macos-arm64 0.1.1 NOTE
r-release-macos-x86_64 0.1.1 NOTE
r-release-windows-ix86+x86_64 0.1.1 8.00 174.00 182.00 NOTE
r-oldrel-macos-x86_64 0.1.1 OK
r-oldrel-windows-ix86+x86_64 0.1.1 7.00 171.00 178.00 OK

Check Details

Version: 0.1.1
Check: LazyData
Result: NOTE
     'LazyData' is specified without a 'data' directory
Flavors: r-devel-linux-x86_64-debian-clang, r-devel-linux-x86_64-debian-gcc, r-devel-linux-x86_64-fedora-clang, r-devel-linux-x86_64-fedora-gcc, r-devel-windows-x86_64-new-UL, r-devel-windows-x86_64-new-TK, r-patched-linux-x86_64, r-release-linux-x86_64, r-release-macos-arm64, r-release-macos-x86_64, r-release-windows-ix86+x86_64