CRAN Package Check Results for Package CORElearn

Last updated on 2022-09-24 05:51:00 CEST.

Flavor Version Tinstall Tcheck Ttotal Status Flags
r-devel-linux-x86_64-debian-clang 1.56.0 62.57 57.46 120.03 OK
r-devel-linux-x86_64-debian-gcc 1.56.0 44.84 42.19 87.03 OK
r-devel-linux-x86_64-fedora-clang 1.56.0 181.73 WARN
r-devel-linux-x86_64-fedora-gcc 1.56.0 154.92 OK
r-devel-windows-x86_64 1.56.0 111.00 118.00 229.00 OK
r-patched-linux-x86_64 1.56.0 49.53 53.90 103.43 OK
r-release-linux-x86_64 1.56.0 48.95 52.71 101.66 OK
r-release-macos-arm64 1.56.0 43.00 OK
r-release-macos-x86_64 1.56.0 63.00 OK
r-release-windows-x86_64 1.56.0 95.00 105.00 200.00 OK
r-oldrel-macos-arm64 1.56.0 57.00 OK
r-oldrel-macos-x86_64 1.56.0 80.00 OK
r-oldrel-windows-ix86+x86_64 1.56.0 145.00 101.00 246.00 OK

Additional issues

clang15

Check Details

Version: 1.56.0
Check: whether package can be installed
Result: WARN
    Found the following significant warnings:
     ./options.h:85:57: warning: invalid UTF-8 in comment [-Winvalid-utf8]
Flavor: r-devel-linux-x86_64-fedora-clang