CRAN Package Check Results for Package CPAT

Last updated on 2019-08-25 05:46:45 CEST.

Flavor Version Tinstall Tcheck Ttotal Status Flags
r-devel-linux-x86_64-debian-clang 0.1.0 28.62 71.00 99.62 OK
r-devel-linux-x86_64-debian-gcc 0.1.0 23.55 53.43 76.98 OK
r-devel-linux-x86_64-fedora-clang 0.1.0 136.42 NOTE
r-devel-linux-x86_64-fedora-gcc 0.1.0 126.15 NOTE
r-devel-windows-ix86+x86_64 0.1.0 50.00 150.00 200.00 OK
r-patched-linux-x86_64 0.1.0 26.05 68.82 94.87 OK
r-patched-solaris-x86 0.1.0 191.00 NOTE
r-release-linux-x86_64 0.1.0 27.11 68.80 95.91 OK
r-release-windows-ix86+x86_64 0.1.0 71.00 185.00 256.00 OK
r-release-osx-x86_64 0.1.0 NOTE
r-oldrel-windows-ix86+x86_64 0.1.0 76.00 170.00 246.00 OK
r-oldrel-osx-x86_64 0.1.0 NOTE

Check Details

Version: 0.1.0
Check: dependencies in R code
Result: NOTE
    Namespaces in Imports field not imported from:
     ‘Rdpack’ ‘grDevices’
     All declared Imports should be used.
Flavors: r-devel-linux-x86_64-fedora-clang, r-devel-linux-x86_64-fedora-gcc, r-patched-solaris-x86, r-release-osx-x86_64, r-oldrel-osx-x86_64