CRAN Package Check Results for Package CPAT

Last updated on 2020-01-28 05:50:10 CET.

Flavor Version Tinstall Tcheck Ttotal Status Flags
r-devel-linux-x86_64-debian-clang 0.1.0 37.09 73.77 110.86 OK
r-devel-linux-x86_64-debian-gcc 0.1.0 23.73 53.69 77.42 OK
r-devel-linux-x86_64-fedora-clang 0.1.0 137.67 NOTE
r-devel-linux-x86_64-fedora-gcc 0.1.0 136.34 NOTE
r-devel-windows-ix86+x86_64 0.1.0 65.00 151.00 216.00 OK
r-devel-windows-ix86+x86_64-gcc8 0.1.0 95.00 163.00 258.00 OK
r-patched-linux-x86_64 0.1.0 OK
r-patched-solaris-x86 0.1.0 182.50 NOTE
r-release-linux-x86_64 0.1.0 27.39 68.51 95.90 OK
r-release-windows-ix86+x86_64 0.1.0 64.00 145.00 209.00 OK
r-release-osx-x86_64 0.1.0 NOTE
r-oldrel-windows-ix86+x86_64 0.1.0 71.00 176.00 247.00 OK
r-oldrel-osx-x86_64 0.1.0 NOTE

Check Details

Version: 0.1.0
Check: dependencies in R code
Result: NOTE
    Namespaces in Imports field not imported from:
     ‘Rdpack’ ‘grDevices’
     All declared Imports should be used.
Flavors: r-devel-linux-x86_64-fedora-clang, r-devel-linux-x86_64-fedora-gcc, r-patched-solaris-x86, r-release-osx-x86_64, r-oldrel-osx-x86_64