CRAN Package Check Results for Package CR2

Last updated on 2024-06-19 06:57:59 CEST.

Flavor Version Tinstall Tcheck Ttotal Status Flags
r-devel-linux-x86_64-debian-clang 0.2.1 11.72 99.55 111.27 NOTE
r-devel-linux-x86_64-debian-gcc 0.2.1 10.38 74.93 85.31 NOTE
r-devel-linux-x86_64-fedora-clang 0.2.1 145.94 NOTE
r-devel-linux-x86_64-fedora-gcc 0.2.1 133.72 NOTE
r-devel-windows-x86_64 0.2.1 11.00 85.00 96.00 NOTE
r-patched-linux-x86_64 0.2.1 11.89 97.19 109.08 NOTE
r-release-linux-x86_64 0.2.1 11.68 96.95 108.63 NOTE
r-release-macos-arm64 0.2.1 43.00 NOTE
r-release-macos-x86_64 0.2.1 61.00 NOTE
r-release-windows-x86_64 0.2.1 12.00 93.00 105.00 NOTE
r-oldrel-macos-arm64 0.2.1 46.00 OK
r-oldrel-macos-x86_64 0.2.1 72.00 OK
r-oldrel-windows-x86_64 0.2.1 16.00 105.00 121.00 OK

Check Details

Version: 0.2.1
Check: Rd files
Result: NOTE checkRd: (-1) sharedat.Rd:23: Lost braces 23 | \doi{10.7910/DVN/YXMQZM}{Harvard dataverse} | ^ Flavors: r-devel-linux-x86_64-debian-clang, r-devel-linux-x86_64-debian-gcc, r-devel-linux-x86_64-fedora-clang, r-devel-linux-x86_64-fedora-gcc, r-devel-windows-x86_64, r-patched-linux-x86_64, r-release-linux-x86_64, r-release-macos-arm64, r-release-macos-x86_64, r-release-windows-x86_64