CRAN Package Check Results for Package CSFA

Last updated on 2020-01-28 05:50:10 CET.

Flavor Version Tinstall Tcheck Ttotal Status Flags
r-devel-linux-x86_64-debian-clang 1.2.0 11.99 122.96 134.95 OK
r-devel-linux-x86_64-debian-gcc 1.2.0 10.11 93.56 103.67 OK
r-devel-linux-x86_64-fedora-clang 1.2.0 141.54 NOTE
r-devel-linux-x86_64-fedora-gcc 1.2.0 136.35 OK
r-devel-windows-ix86+x86_64 1.2.0 25.00 130.00 155.00 OK
r-devel-windows-ix86+x86_64-gcc8 1.2.0 22.00 7.00 29.00 ERROR
r-patched-linux-x86_64 1.2.0 OK
r-patched-solaris-x86 1.2.0 192.00 OK
r-release-linux-x86_64 1.2.0 11.54 111.29 122.83 OK
r-release-windows-ix86+x86_64 1.2.0 21.00 112.00 133.00 OK
r-release-osx-x86_64 1.2.0 OK
r-oldrel-windows-ix86+x86_64 1.2.0 19.00 147.00 166.00 OK
r-oldrel-osx-x86_64 1.2.0 OK

Check Details

Version: 1.2.0
Check: package dependencies
Result: NOTE
    Suggests orphaned package: ‘gplots’
Flavor: r-devel-linux-x86_64-fedora-clang

Version: 1.2.0
Check: whether package can be installed
Result: ERROR
    Installation failed.
Flavor: r-devel-windows-ix86+x86_64-gcc8