CRAN Package Check Results for Package CSFA

Last updated on 2019-09-16 05:46:52 CEST.

Flavor Version Tinstall Tcheck Ttotal Status Flags
r-devel-linux-x86_64-debian-clang 1.2.0 12.14 103.25 115.39 OK
r-devel-linux-x86_64-debian-gcc 1.2.0 9.86 81.74 91.60 OK
r-devel-linux-x86_64-fedora-clang 1.2.0 117.26 OK
r-devel-linux-x86_64-fedora-gcc 1.2.0 121.96 OK
r-devel-windows-ix86+x86_64 1.2.0 40.00 112.00 152.00 OK
r-patched-linux-x86_64 1.2.0 11.42 104.70 116.12 OK
r-patched-solaris-x86 1.2.0 192.30 OK
r-release-linux-x86_64 1.2.0 11.83 105.13 116.96 OK
r-release-windows-ix86+x86_64 1.2.0 18.00 102.00 120.00 OK
r-release-osx-x86_64 1.2.0 ERROR
r-oldrel-windows-ix86+x86_64 1.2.0 24.00 99.00 123.00 OK
r-oldrel-osx-x86_64 1.2.0 OK

Check Details

Version: 1.2.0
Check: package dependencies
Result: ERROR
    Package required but not available: ‘fabia’
    
    See section ‘The DESCRIPTION file’ in the ‘Writing R Extensions’
    manual.
Flavor: r-release-osx-x86_64