CRAN Package Check Results for Package Cairo

Last updated on 2021-11-30 05:53:14 CET.

Flavor Version Tinstall Tcheck Ttotal Status Flags
r-devel-linux-x86_64-debian-clang 1.5-12.2 8.62 24.76 33.38 WARN
r-devel-linux-x86_64-debian-gcc 1.5-12.2 5.40 19.63 25.03 WARN
r-devel-linux-x86_64-fedora-clang 1.5-12.2 52.47 WARN
r-devel-linux-x86_64-fedora-gcc 1.5-12.2 42.48 WARN
r-devel-windows-x86_64-new-UL 1.5-12.2 30.00 150.00 180.00 WARN
r-devel-windows-x86_64-new-TK 1.5-12.2 WARN
r-devel-windows-x86_64-old 1.5-12.2 16.00 29.00 45.00 WARN
r-patched-linux-x86_64 1.5-12.2 6.90 23.84 30.74 WARN
r-patched-solaris-x86 1.5-12.2 59.60 NOTE
r-release-linux-x86_64 1.5-12.2 6.26 23.82 30.08 WARN
r-release-macos-arm64 1.5-12.2 NOTE
r-release-macos-x86_64 1.5-12.2 NOTE
r-release-windows-ix86+x86_64 1.5-12.2 27.00 48.00 75.00 WARN
r-oldrel-macos-x86_64 1.5-12.2 NOTE
r-oldrel-windows-ix86+x86_64 1.5-12.2 27.00 64.00 91.00 WARN

Check Details

Version: 1.5-12.2
Check: top-level files
Result: WARN
     Output from running autoreconf:
     configure.ac:4: warning: The macro `AC_CONFIG_HEADER' is obsolete.
     configure.ac:4: You should run autoupdate.
     ./lib/autoconf/status.m4:719: AC_CONFIG_HEADER is expanded from...
     configure.ac:4: the top level
     configure.ac:28: warning: The macro `AC_HEADER_STDC' is obsolete.
     configure.ac:28: You should run autoupdate.
     ./lib/autoconf/headers.m4:704: AC_HEADER_STDC is expanded from...
     configure.ac:28: the top level
Flavors: r-devel-linux-x86_64-debian-clang, r-devel-linux-x86_64-debian-gcc, r-patched-linux-x86_64, r-release-linux-x86_64

Version: 1.5-12.2
Check: compiled code
Result: NOTE
    File 'Cairo/libs/Cairo.so':
     Found non-API calls to R: 'R_InputHandlers', 'addInputHandler'
    
    Compiled code should not call non-API entry points in R.
    
    See 'Writing portable packages' in the 'Writing R Extensions' manual.
Flavors: r-devel-linux-x86_64-debian-clang, r-devel-linux-x86_64-debian-gcc, r-devel-linux-x86_64-fedora-clang, r-devel-linux-x86_64-fedora-gcc, r-patched-linux-x86_64, r-patched-solaris-x86, r-release-linux-x86_64, r-release-macos-arm64, r-release-macos-x86_64, r-oldrel-macos-x86_64

Version: 1.5-12.2
Check: top-level files
Result: WARN
     Output from running autoreconf:
     configure.ac:4: warning: The macro `AC_CONFIG_HEADER' is obsolete.
     configure.ac:4: You should run autoupdate.
     ./lib/autoconf/status.m4:719: AC_CONFIG_HEADER is expanded from...
     configure.ac:4: the top level
     configure.ac:28: warning: The macro `AC_HEADER_STDC' is obsolete.
     configure.ac:28: You should run autoupdate.
     ./lib/autoconf/headers.m4:704: AC_HEADER_STDC is expanded from...
     configure.ac:28: the top level
     configure.ac:4: warning: The macro `AC_CONFIG_HEADER' is obsolete.
     configure.ac:4: You should run autoupdate.
     ./lib/autoconf/status.m4:719: AC_CONFIG_HEADER is expanded from...
     configure.ac:4: the top level
     configure.ac:28: warning: The macro `AC_HEADER_STDC' is obsolete.
     configure.ac:28: You should run autoupdate.
     ./lib/autoconf/headers.m4:704: AC_HEADER_STDC is expanded from...
     configure.ac:28: the top level
Flavors: r-devel-linux-x86_64-fedora-clang, r-devel-linux-x86_64-fedora-gcc

Version: 1.5-12.2
Check: whether package can be installed
Result: WARN
    Found the following significant warnings:
     w32-backend.c:24:5: warning: initialization of 'char **' from incompatible pointer type 'const char **' [-Wincompatible-pointer-types]
Flavors: r-devel-windows-x86_64-new-UL, r-devel-windows-x86_64-new-TK, r-devel-windows-x86_64-old, r-release-windows-ix86+x86_64, r-oldrel-windows-ix86+x86_64

Version: 1.5-12.2
Check: installed package size
Result: NOTE
     installed size is 6.4Mb
     sub-directories of 1Mb or more:
     libs 6.3Mb
Flavors: r-devel-windows-x86_64-new-UL, r-release-macos-arm64, r-release-macos-x86_64, r-oldrel-macos-x86_64

Version: 1.5-12.2
Check: package dependencies
Result: NOTE
    Package which this enhances but not available for checking: ‘FastRWeb’
Flavor: r-patched-solaris-x86