CRAN Package Check Results for Package CausalMBSTS

Last updated on 2024-06-22 06:50:40 CEST.

Flavor Version Tinstall Tcheck Ttotal Status Flags
r-devel-linux-x86_64-debian-clang 0.1.1 15.60 164.35 179.95 NOTE
r-devel-linux-x86_64-debian-gcc 0.1.1 8.89 120.81 129.70 NOTE
r-devel-linux-x86_64-fedora-clang 0.1.1 223.98 NOTE
r-devel-linux-x86_64-fedora-gcc 0.1.1 234.65 NOTE
r-devel-windows-x86_64 0.1.1 12.00 126.00 138.00 NOTE
r-patched-linux-x86_64 0.1.1 13.14 155.11 168.25 NOTE
r-release-linux-x86_64 0.1.1 12.39 153.97 166.36 NOTE
r-release-macos-arm64 0.1.1 65.00 NOTE
r-release-macos-x86_64 0.1.1 102.00 NOTE
r-release-windows-x86_64 0.1.1 13.00 125.00 138.00 NOTE
r-oldrel-macos-arm64 0.1.1 74.00 OK
r-oldrel-macos-x86_64 0.1.1 94.00 OK
r-oldrel-windows-x86_64 0.1.1 16.00 164.00 180.00 OK

Check Details

Version: 0.1.1
Check: Rd files
Result: NOTE checkRd: (-1) as.mbsts.Rd:71: Lost braces; missing escapes or markup? 71 | \item{states.samples}{(\code{niter}- \code{burn}) draws from p(alpha_t | Y_{1:T}).} | ^ checkRd: (-1) mcmc.Rd:61: Lost braces; missing escapes or markup? 61 | \item{states.samples}{(\code{niter}- \code{burn}) draws from p(alpha_t | Y_{1:T}).} | ^ Flavors: r-devel-linux-x86_64-debian-clang, r-devel-linux-x86_64-debian-gcc, r-devel-linux-x86_64-fedora-clang, r-devel-linux-x86_64-fedora-gcc, r-devel-windows-x86_64, r-patched-linux-x86_64, r-release-linux-x86_64, r-release-macos-arm64, r-release-macos-x86_64, r-release-windows-x86_64