CRAN Package Check Results for Package CausalQueries

Last updated on 2020-11-28 05:51:03 CET.

Flavor Version Tinstall Tcheck Ttotal Status Flags
r-devel-linux-x86_64-debian-clang 0.0.3 141.62 111.84 253.46 NOTE
r-devel-linux-x86_64-debian-gcc 0.0.3 238.87 87.47 326.34 NOTE
r-devel-linux-x86_64-fedora-clang 0.0.3 344.36 NOTE
r-devel-linux-x86_64-fedora-gcc 0.0.3 344.45 NOTE
r-devel-windows-ix86+x86_64 0.0.3 301.00 234.00 535.00 NOTE
r-patched-linux-x86_64 0.0.3 188.37 110.11 298.48 NOTE
r-patched-solaris-x86 0.0.3 361.80 NOTE
r-release-linux-x86_64 0.0.3 189.92 109.17 299.09 NOTE
r-release-macos-x86_64 0.0.3 NOTE
r-release-windows-ix86+x86_64 0.0.3 220.00 176.00 396.00 NOTE
r-oldrel-macos-x86_64 0.0.3 NOTE
r-oldrel-windows-ix86+x86_64 0.0.3 228.00 195.00 423.00 NOTE

Check Details

Version: 0.0.3
Check: for GNU extensions in Makefiles
Result: NOTE
    GNU make is a SystemRequirements.
Flavors: r-devel-linux-x86_64-debian-clang, r-devel-linux-x86_64-debian-gcc, r-devel-linux-x86_64-fedora-clang, r-devel-linux-x86_64-fedora-gcc, r-devel-windows-ix86+x86_64, r-patched-linux-x86_64, r-patched-solaris-x86, r-release-linux-x86_64, r-release-macos-x86_64, r-release-windows-ix86+x86_64, r-oldrel-macos-x86_64, r-oldrel-windows-ix86+x86_64

Version: 0.0.3
Check: installed package size
Result: NOTE
     installed size is 33.8Mb
     sub-directories of 1Mb or more:
     libs 33.2Mb
Flavors: r-devel-linux-x86_64-fedora-clang, r-release-macos-x86_64, r-oldrel-macos-x86_64