CRAN Package Check Results for Package CepLDA

Last updated on 2022-01-22 05:10:11 CET.

Flavor Version Tinstall Tcheck Ttotal Status Flags
r-devel-linux-x86_64-debian-clang 1.0.0 1.98 44.30 46.28 NOTE
r-devel-linux-x86_64-debian-gcc 1.0.0 1.83 33.63 35.46 NOTE
r-devel-linux-x86_64-fedora-clang 1.0.0 56.59 NOTE
r-devel-linux-x86_64-fedora-gcc 1.0.0 46.26 NOTE
r-devel-windows-x86_64-new-UL 1.0.0 17.00 67.00 84.00 NOTE
r-devel-windows-x86_64-new-TK 1.0.0 NOTE
r-patched-linux-x86_64 1.0.0 2.28 42.83 45.11 NOTE
r-release-linux-x86_64 1.0.0 2.23 42.18 44.41 NOTE
r-release-macos-arm64 1.0.0 NOTE
r-release-macos-x86_64 1.0.0 NOTE
r-release-windows-ix86+x86_64 1.0.0 6.00 53.00 59.00 NOTE
r-oldrel-macos-x86_64 1.0.0 OK
r-oldrel-windows-ix86+x86_64 1.0.0 7.00 53.00 60.00 OK

Check Details

Version: 1.0.0
Check: LazyData
Result: NOTE
     'LazyData' is specified without a 'data' directory
Flavors: r-devel-linux-x86_64-debian-clang, r-devel-linux-x86_64-debian-gcc, r-devel-linux-x86_64-fedora-clang, r-devel-linux-x86_64-fedora-gcc, r-devel-windows-x86_64-new-UL, r-devel-windows-x86_64-new-TK, r-patched-linux-x86_64, r-release-linux-x86_64, r-release-macos-arm64, r-release-macos-x86_64, r-release-windows-ix86+x86_64