CRAN Package Check Results for Package Certara.R

Last updated on 2024-06-13 06:57:56 CEST.

Flavor Version Tinstall Tcheck Ttotal Status Flags
r-devel-linux-x86_64-debian-clang 1.1.0 2.84 23.26 26.10 OK
r-devel-linux-x86_64-debian-gcc 1.1.0 0.35 1.78 2.13 ERROR
r-devel-linux-x86_64-fedora-clang 1.1.0 31.80 NOTE
r-devel-linux-x86_64-fedora-gcc 1.1.0 30.40 NOTE
r-devel-windows-x86_64 1.1.0 4.00 41.00 45.00 OK
r-patched-linux-x86_64 1.1.0 2.23 21.31 23.54 OK
r-release-linux-x86_64 1.1.0 2.18 21.63 23.81 OK
r-release-macos-arm64 1.1.0 15.00 OK
r-release-macos-x86_64 1.1.0 29.00 OK
r-release-windows-x86_64 1.1.0 4.00 39.00 43.00 OK
r-oldrel-macos-arm64 1.1.0 19.00 OK
r-oldrel-macos-x86_64 1.1.0 24.00 OK
r-oldrel-windows-x86_64 1.1.0 4.00 40.00 44.00 OK

Check Details

Version: 1.1.0
Check: package dependencies
Result: ERROR Packages required but not available: 'batchtools', 'dplyr', 'ggplot2', 'plotly' See section ‘The DESCRIPTION file’ in the ‘Writing R Extensions’ manual. Flavor: r-devel-linux-x86_64-debian-gcc

Version: 1.1.0
Check: dependencies in R code
Result: NOTE Namespaces in Imports field not imported from: ‘DT’ ‘batchtools’ ‘data.table’ ‘dplyr’ ‘ggplot2’ ‘htmltools’ ‘jsonlite’ ‘magrittr’ ‘methods’ ‘plotly’ ‘reshape’ ‘rlang’ ‘shiny’ ‘shinyWidgets’ ‘shinyjqui’ ‘shinyjs’ ‘shinymaterial’ ‘sortable’ ‘ssh’ ‘xml2’ All declared Imports should be used. Flavors: r-devel-linux-x86_64-fedora-clang, r-devel-linux-x86_64-fedora-gcc