CRAN Package Check Results for Package ChainLadder

Last updated on 2021-01-18 05:47:20 CET.

Flavor Version Tinstall Tcheck Ttotal Status Flags
r-devel-linux-x86_64-debian-clang 0.2.12 25.81 289.25 315.06 OK
r-devel-linux-x86_64-debian-gcc 0.2.12 22.22 213.27 235.49 OK
r-devel-linux-x86_64-fedora-clang 0.2.12 376.15 OK
r-devel-linux-x86_64-fedora-gcc 0.2.12 386.06 OK
r-devel-windows-ix86+x86_64 0.2.12 39.00 262.00 301.00 OK
r-patched-linux-x86_64 0.2.12 24.40 275.09 299.49 OK
r-patched-solaris-x86 0.2.12 477.10 NOTE
r-release-linux-x86_64 0.2.12 23.95 269.13 293.08 OK
r-release-macos-x86_64 0.2.12 OK
r-release-windows-ix86+x86_64 0.2.12 40.00 289.00 329.00 OK
r-oldrel-macos-x86_64 0.2.12 OK
r-oldrel-windows-ix86+x86_64 0.2.12 45.00 354.00 399.00 OK

Check Details

Version: 0.2.12
Check: installed package size
Result: NOTE
     installed size is 5.2Mb
     sub-directories of 1Mb or more:
     R 1.1Mb
     doc 2.9Mb
Flavor: r-patched-solaris-x86