Last updated on 2022-08-10 05:54:46 CEST.
Flavor | Version | Tinstall | Tcheck | Ttotal | Status | Flags |
---|---|---|---|---|---|---|
r-devel-linux-x86_64-debian-clang | 0.1.0 | 28.12 | 28.04 | 56.16 | NOTE | |
r-devel-linux-x86_64-debian-gcc | 0.1.0 | 26.45 | 22.15 | 48.60 | NOTE | |
r-devel-linux-x86_64-fedora-clang | 0.1.0 | 96.24 | NOTE | |||
r-devel-linux-x86_64-fedora-gcc | 0.1.0 | 91.74 | NOTE | |||
r-devel-windows-x86_64 | 0.1.0 | 37.00 | 73.00 | 110.00 | NOTE | |
r-patched-linux-x86_64 | 0.1.0 | 27.70 | 27.28 | 54.98 | NOTE | |
r-release-linux-x86_64 | 0.1.0 | NOTE | ||||
r-release-macos-arm64 | 0.1.0 | 25.00 | NOTE | |||
r-release-macos-x86_64 | 0.1.0 | 34.00 | NOTE | |||
r-release-windows-x86_64 | 0.1.0 | 37.00 | 74.00 | 111.00 | NOTE | |
r-oldrel-macos-arm64 | 0.1.0 | 34.00 | NOTE | |||
r-oldrel-macos-x86_64 | 0.1.0 | 47.00 | NOTE | |||
r-oldrel-windows-ix86+x86_64 | 0.1.0 | 81.00 | 74.00 | 155.00 | NOTE |
Version: 0.1.0
Check: LazyData
Result: NOTE
'LazyData' is specified without a 'data' directory
Flavors: r-devel-linux-x86_64-debian-clang, r-devel-linux-x86_64-debian-gcc, r-devel-linux-x86_64-fedora-clang, r-devel-linux-x86_64-fedora-gcc, r-devel-windows-x86_64, r-patched-linux-x86_64, r-release-linux-x86_64, r-release-macos-arm64, r-release-macos-x86_64, r-release-windows-x86_64, r-oldrel-macos-arm64, r-oldrel-macos-x86_64, r-oldrel-windows-ix86+x86_64