CRAN Package Check Results for Package ClustBlock

Last updated on 2020-01-17 05:47:08 CET.

Flavor Version Tinstall Tcheck Ttotal Status Flags
r-devel-linux-x86_64-debian-clang 2.1.1 7.20 67.51 74.71 OK
r-devel-linux-x86_64-debian-gcc 2.1.1 7.26 50.72 57.98 OK
r-devel-linux-x86_64-fedora-clang 2.1.1 92.65 NOTE
r-devel-linux-x86_64-fedora-gcc 2.1.1 89.63 NOTE
r-devel-windows-ix86+x86_64 2.1.1 31.00 112.00 143.00 OK
r-devel-windows-ix86+x86_64-gcc8 2.1.1 19.00 86.00 105.00 OK
r-patched-linux-x86_64 2.1.1 7.16 60.35 67.51 OK
r-patched-solaris-x86 2.1.1 110.20 NOTE
r-release-linux-x86_64 2.1.1 5.45 59.86 65.31 OK
r-release-windows-ix86+x86_64 2.1.1 26.00 113.00 139.00 OK
r-release-osx-x86_64 2.1.1 NOTE
r-oldrel-windows-ix86+x86_64 2.1.1 17.00 75.00 92.00 OK
r-oldrel-osx-x86_64 2.1.1 NOTE

Check Details

Version: 2.1.1
Check: data for non-ASCII characters
Result: NOTE
     Note: found 2 marked Latin-1 strings
Flavors: r-devel-linux-x86_64-fedora-clang, r-devel-linux-x86_64-fedora-gcc, r-patched-solaris-x86, r-release-osx-x86_64, r-oldrel-osx-x86_64