CRAN Package Check Results for Package ClustBlock

Last updated on 2019-08-25 05:46:44 CEST.

Flavor Version Tinstall Tcheck Ttotal Status Flags
r-devel-linux-x86_64-debian-clang 2.0.0 4.63 53.20 57.83 OK
r-devel-linux-x86_64-debian-gcc 2.0.0 5.18 39.62 44.80 OK
r-devel-linux-x86_64-fedora-clang 2.0.0 69.32 NOTE
r-devel-linux-x86_64-fedora-gcc 2.0.0 67.60 NOTE
r-devel-windows-ix86+x86_64 2.0.0 10.00 65.00 75.00 OK
r-patched-linux-x86_64 2.0.0 6.13 52.05 58.18 OK
r-patched-solaris-x86 2.0.0 93.70 NOTE
r-release-linux-x86_64 2.0.0 5.14 52.63 57.77 OK
r-release-windows-ix86+x86_64 2.0.0 19.00 89.00 108.00 OK
r-release-osx-x86_64 2.0.0 NOTE
r-oldrel-windows-ix86+x86_64 2.0.0 11.00 85.00 96.00 OK
r-oldrel-osx-x86_64 2.0.0 NOTE

Check Details

Version: 2.0.0
Check: data for non-ASCII characters
Result: NOTE
     Note: found 2 marked Latin-1 strings
Flavors: r-devel-linux-x86_64-fedora-clang, r-devel-linux-x86_64-fedora-gcc, r-patched-solaris-x86, r-release-osx-x86_64, r-oldrel-osx-x86_64