CRAN Package Check Results for Package ClusterR

Last updated on 2022-10-07 05:51:51 CEST.

Flavor Version Tinstall Tcheck Ttotal Status Flags
r-devel-linux-x86_64-debian-clang 1.2.7 72.03 219.37 291.40 OK
r-devel-linux-x86_64-debian-gcc 1.2.7 60.80 155.30 216.10 NOTE
r-devel-linux-x86_64-fedora-clang 1.2.7 365.74 OK
r-devel-linux-x86_64-fedora-gcc 1.2.7 391.65 OK
r-devel-windows-x86_64 1.2.7 77.00 291.00 368.00 OK
r-patched-linux-x86_64 1.2.7 66.84 210.52 277.36 OK
r-release-linux-x86_64 1.2.7 70.59 208.58 279.17 OK
r-release-macos-arm64 1.2.7 109.00 NOTE
r-release-macos-x86_64 1.2.7 141.00 NOTE
r-release-windows-x86_64 1.2.7 108.00 279.00 387.00 OK
r-oldrel-macos-arm64 1.2.7 103.00 NOTE
r-oldrel-macos-x86_64 1.2.7 142.00 NOTE
r-oldrel-windows-ix86+x86_64 1.2.7 162.00 315.00 477.00 OK

Check Details

Version: 1.2.7
Check: compilation flags used
Result: NOTE
    Compilation used the following non-portable flag(s):
     ‘-Wstrict-prototypes’
Flavor: r-devel-linux-x86_64-debian-gcc

Version: 1.2.7
Check: installed package size
Result: NOTE
     installed size is 8.7Mb
     sub-directories of 1Mb or more:
     libs 7.5Mb
Flavors: r-release-macos-arm64, r-release-macos-x86_64, r-oldrel-macos-arm64, r-oldrel-macos-x86_64