Last updated on 2023-12-11 05:51:47 CET.
Flavor | Version | Tinstall | Tcheck | Ttotal | Status | Flags |
---|---|---|---|---|---|---|
r-devel-linux-x86_64-debian-clang | 1.1.2 | 6.78 | 51.05 | 57.83 | OK | |
r-devel-linux-x86_64-debian-gcc | 1.1.2 | 5.03 | 37.40 | 42.43 | OK | |
r-devel-linux-x86_64-fedora-clang | 1.1.2 | 75.61 | OK | |||
r-devel-linux-x86_64-fedora-gcc | 1.1.2 | 68.86 | OK | |||
r-devel-windows-x86_64 | 1.1.2 | 8.00 | 59.00 | 67.00 | OK | |
r-patched-linux-x86_64 | 1.1.2 | 7.05 | 48.33 | 55.38 | OK | |
r-release-linux-x86_64 | 1.1.2 | 6.22 | 48.67 | 54.89 | OK | |
r-release-macos-arm64 | 1.1.2 | 25.00 | OK | |||
r-release-macos-x86_64 | 1.1.2 | 38.00 | NOTE | |||
r-release-windows-x86_64 | 1.1.2 | 9.00 | 65.00 | 74.00 | OK | |
r-oldrel-macos-arm64 | 1.1.2 | 25.00 | OK | |||
r-oldrel-macos-x86_64 | 1.1.2 | 32.00 | OK | |||
r-oldrel-windows-x86_64 | 1.1.2 | 9.00 | 70.00 | 79.00 | OK |
Version: 1.1.2
Check: package dependencies
Result: NOTE
Package suggested but not available for checking: ‘wTO’
Flavor: r-release-macos-x86_64