CRAN Package Check Results for Package Coinprofile

Last updated on 2022-01-19 05:48:20 CET.

Flavor Version Tinstall Tcheck Ttotal Status Flags
r-devel-linux-x86_64-debian-clang 0.1.9 3.75 42.92 46.67 NOTE
r-devel-linux-x86_64-debian-gcc 0.1.9 3.27 36.33 39.60 NOTE
r-devel-linux-x86_64-fedora-clang 0.1.9 59.30 NOTE
r-devel-linux-x86_64-fedora-gcc 0.1.9 45.21 NOTE
r-devel-windows-x86_64-new-UL 0.1.9 24.00 57.00 81.00 NOTE
r-devel-windows-x86_64-new-TK 0.1.9 NOTE
r-patched-linux-x86_64 0.1.9 3.72 41.54 45.26 NOTE
r-release-linux-x86_64 0.1.9 NOTE
r-release-macos-arm64 0.1.9 NOTE
r-release-macos-x86_64 0.1.9 NOTE
r-release-windows-ix86+x86_64 0.1.9 8.00 51.00 59.00 NOTE
r-oldrel-macos-x86_64 0.1.9 NOTE
r-oldrel-windows-ix86+x86_64 0.1.9 8.00 51.00 59.00 OK

Check Details

Version: 0.1.9
Check: LazyData
Result: NOTE
     'LazyData' is specified without a 'data' directory
Flavors: r-devel-linux-x86_64-debian-clang, r-devel-linux-x86_64-debian-gcc, r-devel-linux-x86_64-fedora-clang, r-devel-linux-x86_64-fedora-gcc, r-devel-windows-x86_64-new-UL, r-devel-windows-x86_64-new-TK, r-patched-linux-x86_64, r-release-linux-x86_64, r-release-macos-arm64, r-release-macos-x86_64, r-release-windows-ix86+x86_64

Version: 0.1.9
Check: dependencies in R code
Result: NOTE
    Namespaces in Imports field not imported from:
     ‘Rdpack’ ‘coin’ ‘ggplot2’ ‘plyr’
     All declared Imports should be used.
Flavors: r-devel-linux-x86_64-fedora-clang, r-devel-linux-x86_64-fedora-gcc, r-devel-windows-x86_64-new-TK, r-release-macos-arm64, r-release-macos-x86_64, r-oldrel-macos-x86_64