CRAN Package Check Results for Package CongreveLamsdell2016

Last updated on 2019-08-21 05:46:49 CEST.

Flavor Version Tinstall Tcheck Ttotal Status Flags
r-devel-linux-x86_64-debian-clang 1.0.1 4.02 261.12 265.14 OK
r-devel-linux-x86_64-debian-gcc 1.0.1 3.37 202.63 206.00 OK
r-devel-linux-x86_64-fedora-clang 1.0.1 321.54 NOTE
r-devel-linux-x86_64-fedora-gcc 1.0.1 319.17 OK
r-devel-windows-ix86+x86_64 1.0.1 13.00 259.00 272.00 NOTE
r-patched-linux-x86_64 1.0.1 3.76 257.79 261.55 OK
r-patched-solaris-x86 1.0.1 213.90 NOTE
r-release-linux-x86_64 1.0.1 3.35 259.57 262.92 OK
r-release-windows-ix86+x86_64 1.0.1 6.00 180.00 186.00 NOTE
r-release-osx-x86_64 1.0.1 NOTE
r-oldrel-windows-ix86+x86_64 1.0.1 9.00 225.00 234.00 NOTE
r-oldrel-osx-x86_64 1.0.1 NOTE

Check Details

Version: 1.0.1
Check: installed package size
Result: NOTE
     installed size is 5.4Mb
     sub-directories of 1Mb or more:
     doc 4.5Mb
Flavors: r-devel-linux-x86_64-fedora-clang, r-devel-windows-ix86+x86_64, r-patched-solaris-x86, r-release-windows-ix86+x86_64, r-release-osx-x86_64, r-oldrel-windows-ix86+x86_64, r-oldrel-osx-x86_64