CRAN Package Check Results for Package CongreveLamsdell2016

Last updated on 2019-12-09 05:47:08 CET.

Flavor Version Tinstall Tcheck Ttotal Status Flags
r-devel-linux-x86_64-debian-clang 1.0.1 3.46 87.97 91.43 WARN
r-devel-linux-x86_64-debian-gcc 1.0.1 3.41 68.13 71.54 WARN
r-devel-linux-x86_64-fedora-clang 1.0.1 115.75 WARN
r-devel-linux-x86_64-fedora-gcc 1.0.1 110.73 WARN
r-devel-windows-ix86+x86_64 1.0.1 9.00 184.00 193.00 NOTE
r-devel-windows-ix86+x86_64-gcc8 1.0.1 8.00 190.00 198.00 NOTE
r-patched-linux-x86_64 1.0.1 3.53 86.52 90.05 WARN
r-patched-solaris-x86 1.0.1 61.70 WARN
r-release-linux-x86_64 1.0.1 3.97 85.71 89.68 WARN
r-release-windows-ix86+x86_64 1.0.1 11.00 177.00 188.00 NOTE
r-release-osx-x86_64 1.0.1 NOTE
r-oldrel-windows-ix86+x86_64 1.0.1 6.00 165.00 171.00 NOTE
r-oldrel-osx-x86_64 1.0.1 NOTE

Check Details

Version: 1.0.1
Check: package dependencies
Result: NOTE
    Package suggested but not available for checking: 'Quartet'
Flavors: r-devel-linux-x86_64-debian-clang, r-devel-linux-x86_64-debian-gcc, r-devel-linux-x86_64-fedora-clang, r-devel-linux-x86_64-fedora-gcc, r-patched-linux-x86_64, r-patched-solaris-x86, r-release-linux-x86_64

Version: 1.0.1
Check: re-building of vignette outputs
Result: WARN
    Error(s) in re-building vignettes:
     ...
    --- re-building 'Compare-methods.Rmd' using rmarkdown
    Quitting from lines 27-37 (Compare-methods.Rmd)
    Error: processing vignette 'Compare-methods.Rmd' failed with diagnostics:
    there is no package called 'Quartet'
    --- failed re-building 'Compare-methods.Rmd'
    
    --- re-building 'Compare-node-supports.Rmd' using rmarkdown
    Quitting from lines 30-40 (Compare-node-supports.Rmd)
    Error: processing vignette 'Compare-node-supports.Rmd' failed with diagnostics:
    there is no package called 'Quartet'
    --- failed re-building 'Compare-node-supports.Rmd'
    
    --- re-building 'Conduct-analyses.Rmd' using rmarkdown
    --- finished re-building 'Conduct-analyses.Rmd'
    
    SUMMARY: processing the following files failed:
     'Compare-methods.Rmd' 'Compare-node-supports.Rmd'
    
    Error: Vignette re-building failed.
    Execution halted
Flavors: r-devel-linux-x86_64-debian-clang, r-devel-linux-x86_64-debian-gcc, r-patched-linux-x86_64, r-release-linux-x86_64

Version: 1.0.1
Check: installed package size
Result: NOTE
     installed size is 5.4Mb
     sub-directories of 1Mb or more:
     doc 4.5Mb
Flavors: r-devel-linux-x86_64-fedora-clang, r-devel-windows-ix86+x86_64, r-devel-windows-ix86+x86_64-gcc8, r-patched-solaris-x86, r-release-windows-ix86+x86_64, r-release-osx-x86_64, r-oldrel-windows-ix86+x86_64, r-oldrel-osx-x86_64

Version: 1.0.1
Check: re-building of vignette outputs
Result: WARN
    Error(s) in re-building vignettes:
    --- re-building ‘Compare-methods.Rmd’ using rmarkdown
    Quitting from lines 27-37 (Compare-methods.Rmd)
    Error: processing vignette 'Compare-methods.Rmd' failed with diagnostics:
    there is no package called 'Quartet'
    --- failed re-building ‘Compare-methods.Rmd’
    
    --- re-building ‘Compare-node-supports.Rmd’ using rmarkdown
    Quitting from lines 30-40 (Compare-node-supports.Rmd)
    Error: processing vignette 'Compare-node-supports.Rmd' failed with diagnostics:
    there is no package called 'Quartet'
    --- failed re-building ‘Compare-node-supports.Rmd’
    
    --- re-building ‘Conduct-analyses.Rmd’ using rmarkdown
    --- finished re-building ‘Conduct-analyses.Rmd’
    
    SUMMARY: processing the following files failed:
     ‘Compare-methods.Rmd’ ‘Compare-node-supports.Rmd’
    
    Error: Vignette re-building failed.
    Execution halted
Flavors: r-devel-linux-x86_64-fedora-clang, r-devel-linux-x86_64-fedora-gcc

Version: 1.0.1
Check: re-building of vignette outputs
Result: WARN
    Error(s) in re-building vignettes:
     ...
    --- re-building ‘Compare-methods.Rmd’ using rmarkdown
    Warning in engine$weave(file, quiet = quiet, encoding = enc) :
     Pandoc (>= 1.12.3) and/or pandoc-citeproc not available. Falling back to R Markdown v1.
    Quitting from lines 27-37 (Compare-methods.Rmd)
    Error: processing vignette 'Compare-methods.Rmd' failed with diagnostics:
    there is no package called 'Quartet'
    --- failed re-building ‘Compare-methods.Rmd’
    
    --- re-building ‘Compare-node-supports.Rmd’ using rmarkdown
    Warning in engine$weave(file, quiet = quiet, encoding = enc) :
     Pandoc (>= 1.12.3) and/or pandoc-citeproc not available. Falling back to R Markdown v1.
    Quitting from lines 30-40 (Compare-node-supports.Rmd)
    Error: processing vignette 'Compare-node-supports.Rmd' failed with diagnostics:
    there is no package called 'Quartet'
    --- failed re-building ‘Compare-node-supports.Rmd’
    
    --- re-building ‘Conduct-analyses.Rmd’ using rmarkdown
    Warning in engine$weave(file, quiet = quiet, encoding = enc) :
     Pandoc (>= 1.12.3) and/or pandoc-citeproc not available. Falling back to R Markdown v1.
    --- finished re-building ‘Conduct-analyses.Rmd’
    
    SUMMARY: processing the following files failed:
     ‘Compare-methods.Rmd’ ‘Compare-node-supports.Rmd’
    
    Error: Vignette re-building failed.
    Execution halted
Flavor: r-patched-solaris-x86