CRAN Package Check Results for Package CovSelHigh

Last updated on 2019-12-15 05:47:35 CET.

Flavor Version Tinstall Tcheck Ttotal Status Flags
r-devel-linux-x86_64-debian-clang 1.1.1 17.76 107.15 124.91 OK
r-devel-linux-x86_64-debian-gcc 1.1.1 14.42 81.75 96.17 OK
r-devel-linux-x86_64-fedora-clang 1.1.1 157.36 OK
r-devel-linux-x86_64-fedora-gcc 1.1.1 154.10 OK
r-devel-windows-ix86+x86_64 1.1.1 23.00 5.00 28.00 ERROR
r-devel-windows-ix86+x86_64-gcc8 1.1.1 37.00 8.00 45.00 ERROR
r-patched-linux-x86_64 1.1.1 14.85 95.61 110.46 OK
r-patched-solaris-x86 1.1.1 194.10 OK
r-release-linux-x86_64 1.1.1 13.89 94.77 108.66 OK
r-release-windows-ix86+x86_64 1.1.1 28.00 99.00 127.00 OK
r-release-osx-x86_64 1.1.1 OK
r-oldrel-windows-ix86+x86_64 1.1.1 18.00 100.00 118.00 OK
r-oldrel-osx-x86_64 1.1.1 OK

Check Details

Version: 1.1.1
Check: whether package can be installed
Result: ERROR
    Installation failed.
Flavors: r-devel-windows-ix86+x86_64, r-devel-windows-ix86+x86_64-gcc8