CRAN Package Check Results for Package CovTools

Last updated on 2024-06-21 06:58:11 CEST.

Flavor Version Tinstall Tcheck Ttotal Status Flags
r-devel-linux-x86_64-debian-clang 0.5.4 77.11 108.72 185.83 NOTE
r-devel-linux-x86_64-debian-gcc 0.5.4 56.67 82.40 139.07 NOTE
r-devel-linux-x86_64-fedora-clang 0.5.4 260.41 NOTE
r-devel-linux-x86_64-fedora-gcc 0.5.4 266.52 NOTE
r-devel-windows-x86_64 0.5.4 66.00 118.00 184.00 NOTE
r-patched-linux-x86_64 0.5.4 72.13 103.02 175.15 NOTE
r-release-linux-x86_64 0.5.4 65.30 102.40 167.70 NOTE
r-release-macos-arm64 0.5.4 61.00 NOTE
r-release-macos-x86_64 0.5.4 82.00 NOTE
r-release-windows-x86_64 0.5.4 62.00 121.00 183.00 NOTE
r-oldrel-macos-arm64 0.5.4 66.00 NOTE
r-oldrel-macos-x86_64 0.5.4 113.00 NOTE
r-oldrel-windows-x86_64 0.5.4 82.00 153.00 235.00 NOTE

Check Details

Version: 0.5.4
Check: C++ specification
Result: NOTE Specified C++11: please drop specification unless essential Flavors: r-devel-linux-x86_64-debian-clang, r-devel-linux-x86_64-debian-gcc, r-devel-linux-x86_64-fedora-clang, r-devel-linux-x86_64-fedora-gcc, r-devel-windows-x86_64, r-patched-linux-x86_64, r-release-linux-x86_64, r-release-macos-arm64, r-release-macos-x86_64, r-release-windows-x86_64, r-oldrel-macos-arm64, r-oldrel-macos-x86_64, r-oldrel-windows-x86_64