CRAN Package Check Results for Package CoxPlus

Last updated on 2019-08-19 05:46:21 CEST.

Flavor Version Tinstall Tcheck Ttotal Status Flags
r-devel-linux-x86_64-debian-clang 1.1.1 46.51 26.31 72.82 OK
r-devel-linux-x86_64-debian-gcc 1.1.1 36.18 21.12 57.30 OK
r-devel-linux-x86_64-fedora-clang 1.1.1 104.97 NOTE
r-devel-linux-x86_64-fedora-gcc 1.1.1 97.30 NOTE
r-devel-windows-ix86+x86_64 1.1.1 108.00 87.00 195.00 OK
r-patched-linux-x86_64 1.1.1 39.52 25.80 65.32 OK
r-patched-solaris-x86 1.1.1 105.00 OK
r-release-linux-x86_64 1.1.1 35.72 25.58 61.30 OK
r-release-windows-ix86+x86_64 1.1.1 72.00 54.00 126.00 OK
r-release-osx-x86_64 1.1.1 NOTE
r-oldrel-windows-ix86+x86_64 1.1.1 94.00 81.00 175.00 OK
r-oldrel-osx-x86_64 1.1.1 NOTE

Check Details

Version: 1.1.1
Check: installed package size
Result: NOTE
     installed size is 6.2Mb
     sub-directories of 1Mb or more:
     libs 6.1Mb
Flavors: r-devel-linux-x86_64-fedora-clang, r-release-osx-x86_64, r-oldrel-osx-x86_64

Version: 1.1.1
Check: compiled code
Result: NOTE
    File ‘CoxPlus/libs/CoxPlus.so’:
     Found no calls to: ‘R_registerRoutines’, ‘R_useDynamicSymbols’
    
    It is good practice to register native routines and to disable symbol
    search.
    
    See ‘Writing portable packages’ in the ‘Writing R Extensions’ manual.
Flavors: r-devel-linux-x86_64-fedora-clang, r-devel-linux-x86_64-fedora-gcc