CRAN Package Check Results for Package CoxPlus

Last updated on 2019-12-15 05:47:35 CET.

Flavor Version Tinstall Tcheck Ttotal Status Flags
r-devel-linux-x86_64-debian-clang 1.1.1 54.17 27.07 81.24 OK
r-devel-linux-x86_64-debian-gcc 1.1.1 38.45 21.36 59.81 OK
r-devel-linux-x86_64-fedora-clang 1.1.1 107.88 NOTE
r-devel-linux-x86_64-fedora-gcc 1.1.1 100.21 NOTE
r-devel-windows-ix86+x86_64 1.1.1 95.00 60.00 155.00 OK
r-devel-windows-ix86+x86_64-gcc8 1.1.1 93.00 87.00 180.00 OK
r-patched-linux-x86_64 1.1.1 36.60 24.93 61.53 OK
r-patched-solaris-x86 1.1.1 104.60 OK
r-release-linux-x86_64 1.1.1 37.78 24.87 62.65 OK
r-release-windows-ix86+x86_64 1.1.1 78.00 62.00 140.00 OK
r-release-osx-x86_64 1.1.1 NOTE
r-oldrel-windows-ix86+x86_64 1.1.1 82.00 55.00 137.00 OK
r-oldrel-osx-x86_64 1.1.1 NOTE

Check Details

Version: 1.1.1
Check: installed package size
Result: NOTE
     installed size is 6.3Mb
     sub-directories of 1Mb or more:
     libs 6.2Mb
Flavors: r-devel-linux-x86_64-fedora-clang, r-release-osx-x86_64, r-oldrel-osx-x86_64

Version: 1.1.1
Check: compiled code
Result: NOTE
    File ‘CoxPlus/libs/CoxPlus.so’:
     Found no calls to: ‘R_registerRoutines’, ‘R_useDynamicSymbols’
    
    It is good practice to register native routines and to disable symbol
    search.
    
    See ‘Writing portable packages’ in the ‘Writing R Extensions’ manual.
Flavors: r-devel-linux-x86_64-fedora-clang, r-devel-linux-x86_64-fedora-gcc