CRAN Package Check Results for Package CruzPlot

Last updated on 2021-12-06 05:53:06 CET.

Flavor Version Tinstall Tcheck Ttotal Status Flags
r-devel-linux-x86_64-debian-clang 1.4.6 3.47 33.87 37.34 OK
r-devel-linux-x86_64-debian-gcc 1.4.6 3.02 33.69 36.71 OK
r-devel-linux-x86_64-fedora-clang 1.4.6 58.77 NOTE
r-devel-linux-x86_64-fedora-gcc 1.4.6 47.18 NOTE
r-devel-windows-x86_64-new-UL 1.4.6 11.00 73.00 84.00 OK
r-devel-windows-x86_64-new-TK 1.4.6 NOTE
r-devel-windows-x86_64-old 1.4.6 7.00 45.00 52.00 OK
r-patched-linux-x86_64 1.4.6 3.43 32.46 35.89 OK
r-release-linux-x86_64 1.4.6 2.29 40.83 43.12 OK
r-release-macos-arm64 1.4.6 NOTE
r-release-macos-x86_64 1.4.6 NOTE
r-release-windows-ix86+x86_64 1.4.6 11.00 60.00 71.00 OK
r-oldrel-macos-x86_64 1.4.6 NOTE
r-oldrel-windows-ix86+x86_64 1.4.6 11.00 57.00 68.00 OK

Check Details

Version: 1.4.6
Check: dependencies in R code
Result: NOTE
    Namespaces in Imports field not imported from:
     ‘DT’ ‘dplyr’ ‘geosphere’ ‘mapdata’ ‘maps’ ‘marmap’ ‘shinydashboard’
     ‘shinyjs’ ‘stringr’ ‘swfscDAS’
     All declared Imports should be used.
Flavors: r-devel-linux-x86_64-fedora-clang, r-devel-linux-x86_64-fedora-gcc, r-devel-windows-x86_64-new-TK, r-release-macos-arm64, r-release-macos-x86_64, r-oldrel-macos-x86_64