Last updated on 2019-12-07 05:47:29 CET.
Flavor | Version | Tinstall | Tcheck | Ttotal | Status | Flags |
---|---|---|---|---|---|---|
r-devel-linux-x86_64-debian-clang | 2.0.2 | 204.57 | 89.22 | 293.79 | OK | |
r-devel-linux-x86_64-debian-gcc | 2.0.2 | 162.58 | 69.54 | 232.12 | OK | |
r-devel-linux-x86_64-fedora-clang | 2.0.2 | 430.49 | NOTE | |||
r-devel-linux-x86_64-fedora-gcc | 2.0.2 | 385.08 | OK | |||
r-devel-windows-ix86+x86_64 | 2.0.2 | 354.00 | 147.00 | 501.00 | OK | |
r-devel-windows-ix86+x86_64-gcc8 | 2.0.2 | 408.00 | 148.00 | 556.00 | NOTE | |
r-patched-linux-x86_64 | 2.0.2 | 167.94 | 81.81 | 249.75 | OK | |
r-patched-solaris-x86 | 2.0.2 | 382.70 | NOTE | |||
r-release-linux-x86_64 | 2.0.2 | 165.04 | 81.48 | 246.52 | OK | |
r-release-windows-ix86+x86_64 | 2.0.2 | 488.00 | 139.00 | 627.00 | OK | |
r-release-osx-x86_64 | 2.0.2 | NOTE | ||||
r-oldrel-windows-ix86+x86_64 | 2.0.2 | 359.00 | 149.00 | 508.00 | OK | |
r-oldrel-osx-x86_64 | 2.0.2 | NOTE |
Version: 2.0.2
Check: installed package size
Result: NOTE
installed size is 24.5Mb
sub-directories of 1Mb or more:
libs 23.7Mb
Flavors: r-devel-linux-x86_64-fedora-clang, r-devel-windows-ix86+x86_64-gcc8, r-patched-solaris-x86, r-release-osx-x86_64, r-oldrel-osx-x86_64