CRAN Package Check Results for Package Cyclops

Last updated on 2019-08-21 05:46:49 CEST.

Flavor Version Tinstall Tcheck Ttotal Status Flags
r-devel-linux-x86_64-debian-clang 2.0.2 179.66 82.50 262.16 OK
r-devel-linux-x86_64-debian-gcc 2.0.2 151.11 65.60 216.71 OK
r-devel-linux-x86_64-fedora-clang 2.0.2 407.11 NOTE
r-devel-linux-x86_64-fedora-gcc 2.0.2 393.62 OK
r-devel-windows-ix86+x86_64 2.0.2 492.00 196.00 688.00 OK
r-patched-linux-x86_64 2.0.2 162.07 82.03 244.10 OK
r-patched-solaris-x86 2.0.2 374.90 NOTE
r-release-linux-x86_64 2.0.2 166.60 81.47 248.07 OK
r-release-windows-ix86+x86_64 2.0.2 357.00 141.00 498.00 OK
r-release-osx-x86_64 2.0.2 NOTE
r-oldrel-windows-ix86+x86_64 2.0.2 471.00 195.00 666.00 OK
r-oldrel-osx-x86_64 2.0.2 NOTE

Check Details

Version: 2.0.2
Check: installed package size
Result: NOTE
     installed size is 24.5Mb
     sub-directories of 1Mb or more:
     libs 23.7Mb
Flavors: r-devel-linux-x86_64-fedora-clang, r-patched-solaris-x86, r-release-osx-x86_64, r-oldrel-osx-x86_64