CRAN Package Check Results for Package DAMisc

Last updated on 2022-01-29 05:52:09 CET.

Flavor Version Tinstall Tcheck Ttotal Status Flags
r-devel-linux-x86_64-debian-clang 1.7.2 49.63 480.30 529.93 OK
r-devel-linux-x86_64-debian-gcc 1.7.2 41.68 350.90 392.58 OK
r-devel-linux-x86_64-fedora-clang 1.7.2 583.70 NOTE
r-devel-linux-x86_64-fedora-gcc 1.7.2 607.59 OK
r-devel-windows-x86_64-new-UL 1.7.2 142.00 484.00 626.00 OK
r-devel-windows-x86_64-new-TK 1.7.2 ERROR
r-patched-linux-x86_64 1.7.2 51.60 429.75 481.35 OK
r-release-linux-x86_64 1.7.2 41.30 429.79 471.09 OK
r-release-macos-arm64 1.7.2 OK
r-release-macos-x86_64 1.7.2 OK
r-release-windows-ix86+x86_64 1.7.2 102.00 490.00 592.00 OK
r-oldrel-macos-x86_64 1.7.2 OK
r-oldrel-windows-ix86+x86_64 1.7.2 104.00 500.00 604.00 OK

Check Details

Version: 1.7.2
Check: package dependencies
Result: NOTE
    Imports includes 25 non-default packages.
    Importing from so many packages makes the package vulnerable to any of
    them becoming unavailable. Move as many as possible to Suggests and
    use conditionally.
Flavor: r-devel-linux-x86_64-fedora-clang

Version: 1.7.2
Check: package dependencies
Result: ERROR
    Packages required but not available: 'car', 'effects', 'AICcmodavg'
    
    See section 'The DESCRIPTION file' in the 'Writing R Extensions'
    manual.
Flavor: r-devel-windows-x86_64-new-TK