CRAN Package Check Results for Package DCPO

Last updated on 2020-11-27 05:48:54 CET.

Flavor Version Tinstall Tcheck Ttotal Status Flags
r-devel-linux-x86_64-debian-clang 0.5.3 345.08 96.75 441.83 NOTE
r-devel-linux-x86_64-debian-gcc 0.5.3 536.81 83.51 620.32 NOTE
r-devel-linux-x86_64-fedora-clang 0.5.3 598.10 NOTE
r-devel-linux-x86_64-fedora-gcc 0.5.3 573.07 NOTE
r-devel-windows-ix86+x86_64 0.5.3 618.00 206.00 824.00 NOTE
r-patched-linux-x86_64 0.5.3 414.23 103.29 517.52 NOTE
r-patched-solaris-x86 0.5.3 552.60 NOTE
r-release-linux-x86_64 0.5.3 411.00 101.91 512.91 NOTE
r-release-macos-x86_64 0.5.3 NOTE
r-release-windows-ix86+x86_64 0.5.3 652.00 222.00 874.00 NOTE
r-oldrel-macos-x86_64 0.5.3 NOTE
r-oldrel-windows-ix86+x86_64 0.5.3 522.00 190.00 712.00 NOTE

Check Details

Version: 0.5.3
Check: for GNU extensions in Makefiles
Result: NOTE
    GNU make is a SystemRequirements.
Flavors: r-devel-linux-x86_64-debian-clang, r-devel-linux-x86_64-debian-gcc, r-devel-linux-x86_64-fedora-clang, r-devel-linux-x86_64-fedora-gcc, r-devel-windows-ix86+x86_64, r-patched-linux-x86_64, r-patched-solaris-x86, r-release-linux-x86_64, r-release-macos-x86_64, r-release-windows-ix86+x86_64, r-oldrel-macos-x86_64, r-oldrel-windows-ix86+x86_64

Version: 0.5.3
Check: installed package size
Result: NOTE
     installed size is 59.4Mb
     sub-directories of 1Mb or more:
     libs 58.9Mb
Flavors: r-devel-linux-x86_64-fedora-clang, r-devel-windows-ix86+x86_64, r-release-macos-x86_64, r-release-windows-ix86+x86_64, r-oldrel-macos-x86_64, r-oldrel-windows-ix86+x86_64

Version: 0.5.3
Check: data for non-ASCII characters
Result: NOTE
     Note: found 38 marked UTF-8 strings
Flavors: r-devel-linux-x86_64-fedora-clang, r-devel-linux-x86_64-fedora-gcc, r-patched-solaris-x86, r-release-macos-x86_64, r-oldrel-macos-x86_64