CRAN Package Check Results for Package DDD

Last updated on 2019-04-24 05:48:07 CEST.

Flavor Version Tinstall Tcheck Ttotal Status Flags
r-devel-linux-x86_64-debian-clang 4.0 11.12 55.58 66.70 OK
r-devel-linux-x86_64-debian-gcc 4.0 9.73 42.54 52.27 OK
r-devel-linux-x86_64-fedora-clang 4.0 43.88 OK
r-devel-linux-x86_64-fedora-gcc 4.0 42.34 OK
r-devel-windows-ix86+x86_64 4.0 31.00 106.00 137.00 OK
r-patched-linux-x86_64 4.0 11.54 55.28 66.82 OK
r-patched-solaris-x86 4.0 102.90 OK
r-release-linux-x86_64 4.0 8.41 52.49 60.90 OK
r-release-windows-ix86+x86_64 3.9 18.00 100.00 118.00 OK
r-release-osx-x86_64 4.0 OK
r-oldrel-windows-ix86+x86_64 3.7 24.00 190.00 214.00 OK
r-oldrel-osx-x86_64 3.9 ERROR

Check Details

Version: 3.9
Check: whether package can be installed
Result: ERROR
    Installation failed.
Flavor: r-oldrel-osx-x86_64