CRAN Package Check Results for Package DDIwR

Last updated on 2019-08-23 05:46:52 CEST.

Flavor Version Tinstall Tcheck Ttotal Status Flags
r-devel-linux-x86_64-debian-clang 0.3 6.04 37.37 43.41 NOTE
r-devel-linux-x86_64-debian-gcc 0.3 4.72 29.20 33.92 NOTE
r-devel-linux-x86_64-fedora-clang 0.3 54.30 NOTE
r-devel-linux-x86_64-fedora-gcc 0.3 52.80 NOTE
r-devel-windows-ix86+x86_64 0.3 14.00 72.00 86.00 OK
r-patched-linux-x86_64 0.3 4.74 36.79 41.53 OK
r-patched-solaris-x86 0.3 67.50 ERROR
r-release-linux-x86_64 0.3 4.84 35.92 40.76 OK
r-release-windows-ix86+x86_64 0.3 17.00 73.00 90.00 OK
r-release-osx-x86_64 0.3 OK
r-oldrel-windows-ix86+x86_64 0.3 9.00 63.00 72.00 OK
r-oldrel-osx-x86_64 0.3 OK

Check Details

Version: 0.3
Check: for non-standard things in the check directory
Result: NOTE
    Found the following files/directories:
     'codebook.xml'
Flavors: r-devel-linux-x86_64-debian-clang, r-devel-linux-x86_64-debian-gcc, r-devel-linux-x86_64-fedora-clang, r-devel-linux-x86_64-fedora-gcc

Version: 0.3
Check: examples
Result: ERROR
    Running examples in ‘DDIwR-Ex.R’ failed
    The error most likely occurred in:
    
    > ### Name: exportDDI
    > ### Title: Export to a DDI metadata file
    > ### Aliases: exportDDI
    > ### Keywords: functions
    >
    > ### ** Examples
    >
    > codeBook <- list(dataDscr = list(
    + ID = list(
    + label = "Questionnaire ID",
    + type = "num",
    + measurement = "interval",
    + uniqueid = TRUE
    + ),
    + V1 = list(
    + label = "Label for the first variable",
    + values = c(
    + "No" = 0,
    + "Yes" = 1,
    + "Not applicable" = -7,
    + "Not answered" = -9),
    + missing = c(-9, -7),
    + type = "cat",
    + measurement = "nominal"
    + ),
    + V2 = list(
    + label = "Label for the second variable",
    + values = c(
    + "Very little" = 1,
    + "Little" = 2,
    + "So, so" = 3,
    + "Much" = 4,
    + "Very much" = 5,
    + "Don't know" = -8),
    + missing = c(-8),
    + type = "cat",
    + measurement = "ordinal"
    + ),
    + V3 = list(
    + label = "Label for the third variable",
    + values = c(
    + "First answer" = "A",
    + "Second answer" = "B",
    + "Don't know" = -8),
    + missing = c(-8),
    + type = "cat",
    + measurement = "nominal"
    + ),
    + V4 = list(
    + label = "Number of children",
    + values = c(
    + "Don't know" = -8,
    + "Not answered" = -9),
    + missing = c(-9, -8),
    + type = "numcat",
    + measurement = "ratio"
    + ),
    + V5 = list(
    + label = "Political party reference",
    + type = "char",
    + txt = "When the respondent indicated his political party reference, his/her open response
    + was recoded on a scale of 1-99 with parties with a left-wing orientation coded on the low end
    + of the scale and parties with a right-wing orientation coded on the high end of the scale.
    + Categories 90-99 were reserved miscellaneous responses."
    + )))
    >
    > exportDDI(codeBook, file = "codebook.xml")
    
    Error: The specified OS is not supported.
    
    Execution halted
Flavor: r-patched-solaris-x86