CRAN Package Check Results for Package DDPGPSurv

Last updated on 2019-08-22 05:46:58 CEST.

Flavor Version Tinstall Tcheck Ttotal Status Flags
r-devel-linux-x86_64-debian-clang 1.0 35.36 68.80 104.16 NOTE
r-devel-linux-x86_64-debian-gcc 1.0 30.47 53.08 83.55 NOTE
r-devel-linux-x86_64-fedora-clang 1.0 141.11 NOTE
r-devel-linux-x86_64-fedora-gcc 1.0 139.56 NOTE
r-devel-windows-ix86+x86_64 1.0 87.00 159.00 246.00 OK
r-patched-linux-x86_64 1.0 32.01 66.85 98.86 NOTE
r-patched-solaris-x86 1.0 165.80 OK
r-release-linux-x86_64 1.0 30.42 66.55 96.97 NOTE
r-release-windows-ix86+x86_64 1.0 84.00 158.00 242.00 OK
r-release-osx-x86_64 1.0 OK
r-oldrel-windows-ix86+x86_64 1.0 81.00 145.00 226.00 OK
r-oldrel-osx-x86_64 1.0 OK

Check Details

Version: 1.0
Check: use of SHLIB_OPENMP_*FLAGS in Makefiles
Result: NOTE
     src/Makevars: SHLIB_OPENMP_CXXFLAGS is included in PKG_CXXFLAGS but not in PKG_LIBS
     src/Makevars: SHLIB_OPENMP_CFLAGS is included in PKG_LIBS but linking is by C++
     src/Makevars.win: SHLIB_OPENMP_CXXFLAGS is included in PKG_CXXFLAGS but not in PKG_LIBS
     src/Makevars.win: SHLIB_OPENMP_CFLAGS is included in PKG_LIBS but linking is by C++
    Use of these macros is discussed in sect 1.2.1.1 of 'Writing R
    Extensions'. The macros for different languages may differ so the
    matching macro must be used in PKG_CXXFLAGS (etc) and match that used
    in PKG_LIBS (except for Fortran: see the manual).
Flavors: r-devel-linux-x86_64-debian-clang, r-devel-linux-x86_64-debian-gcc, r-devel-linux-x86_64-fedora-clang, r-devel-linux-x86_64-fedora-gcc, r-patched-linux-x86_64, r-release-linux-x86_64