CRAN Package Check Results for Package DDPNA

Last updated on 2019-08-25 05:46:45 CEST.

Flavor Version Tinstall Tcheck Ttotal Status Flags
r-devel-linux-x86_64-debian-clang 0.2.1 18.24 151.05 169.29 OK
r-devel-linux-x86_64-debian-gcc 0.2.1 15.08 117.50 132.58 OK
r-devel-linux-x86_64-fedora-clang 0.2.1 213.20 OK
r-devel-linux-x86_64-fedora-gcc 0.2.1 211.00 OK
r-devel-windows-ix86+x86_64 0.2.1 37.00 169.00 206.00 OK
r-patched-linux-x86_64 0.2.1 16.26 148.55 164.81 OK
r-patched-solaris-x86 0.2.1 282.60 OK
r-release-linux-x86_64 0.2.1 14.17 148.88 163.05 OK
r-release-windows-ix86+x86_64 0.2.1 65.00 227.00 292.00 OK
r-release-osx-x86_64 0.2.1 WARN
r-oldrel-windows-ix86+x86_64 0.2.1 40.00 262.00 302.00 WARN
r-oldrel-osx-x86_64 0.2.1 OK

Check Details

Version: 0.2.1
Check: package dependencies
Result: NOTE
    Packages suggested but not available for checking:
     'WGCNA', 'Biostrings', 'impute'
Flavor: r-release-osx-x86_64

Version: 0.2.1
Check: data for non-ASCII characters
Result: WARN
     Error loading dataset 'Sample_ID_data':
     Error in .requirePackage(package) :
     unable to find required package 'Biostrings'
    
     The dataset(s) may use package(s) not declared in the DESCRIPTION file.
Flavor: r-release-osx-x86_64

Version: 0.2.1
Check: whether package can be installed
Result: WARN
    Found the following significant warnings:
     Warning: unable to re-encode 'missing_value_impute.R' line 216
Flavor: r-oldrel-windows-ix86+x86_64