CRAN Package Check Results for Package DHARMa

Last updated on 2019-04-19 05:50:18 CEST.

Flavor Version Tinstall Tcheck Ttotal Status Flags
r-devel-linux-x86_64-debian-clang 0.2.4 9.65 236.95 246.60 OK
r-devel-linux-x86_64-debian-gcc 0.2.4 8.18 180.83 189.01 OK
r-devel-linux-x86_64-fedora-clang 0.2.4 320.53 NOTE
r-devel-linux-x86_64-fedora-gcc 0.2.4 285.95 NOTE
r-devel-windows-ix86+x86_64 0.2.4 23.00 315.00 338.00 OK
r-patched-linux-x86_64 0.2.4 10.53 233.60 244.13 OK
r-patched-solaris-x86 0.2.4 435.10 NOTE
r-release-linux-x86_64 0.2.4 7.28 248.44 255.72 OK
r-release-windows-ix86+x86_64 0.2.4 12.00 266.00 278.00 OK
r-release-osx-x86_64 0.2.4 NOTE
r-oldrel-windows-ix86+x86_64 0.2.4 15.00 358.00 373.00 OK
r-oldrel-osx-x86_64 0.2.4 NOTE

Check Details

Version: 0.2.4
Check: dependencies in R code
Result: NOTE
    Namespace in Imports field not imported from: ‘mgcv’
     All declared Imports should be used.
Flavors: r-devel-linux-x86_64-fedora-clang, r-devel-linux-x86_64-fedora-gcc, r-patched-solaris-x86, r-release-osx-x86_64, r-oldrel-osx-x86_64