CRAN Package Check Results for Package DHARMa

Last updated on 2019-08-25 05:46:46 CEST.

Flavor Version Tinstall Tcheck Ttotal Status Flags
r-devel-linux-x86_64-debian-clang 0.2.4 9.09 228.35 237.44 OK
r-devel-linux-x86_64-debian-gcc 0.2.4 7.71 172.90 180.61 OK
r-devel-linux-x86_64-fedora-clang 0.2.4 282.67 NOTE
r-devel-linux-x86_64-fedora-gcc 0.2.4 276.74 NOTE
r-devel-windows-ix86+x86_64 0.2.4 21.00 235.00 256.00 OK
r-patched-linux-x86_64 0.2.4 9.93 223.33 233.26 OK
r-patched-solaris-x86 0.2.4 423.60 NOTE
r-release-linux-x86_64 0.2.4 9.40 223.38 232.78 OK
r-release-windows-ix86+x86_64 0.2.4 25.00 293.00 318.00 OK
r-release-osx-x86_64 0.2.4 NOTE
r-oldrel-windows-ix86+x86_64 0.2.4 15.00 318.00 333.00 OK
r-oldrel-osx-x86_64 0.2.4 NOTE

Check Details

Version: 0.2.4
Check: dependencies in R code
Result: NOTE
    Namespace in Imports field not imported from: ‘mgcv’
     All declared Imports should be used.
Flavors: r-devel-linux-x86_64-fedora-clang, r-devel-linux-x86_64-fedora-gcc, r-patched-solaris-x86, r-release-osx-x86_64, r-oldrel-osx-x86_64