CRAN Package Check Results for Package DHARMa

Last updated on 2019-02-23 05:53:32 CET.

Flavor Version Tinstall Tcheck Ttotal Status Flags
r-devel-linux-x86_64-debian-clang 0.2.3 6.52 244.29 250.81 OK
r-devel-linux-x86_64-debian-gcc 0.2.3 6.16 181.34 187.50 OK
r-devel-linux-x86_64-fedora-clang 0.2.3 296.66 NOTE
r-devel-linux-x86_64-fedora-gcc 0.2.3 276.99 NOTE
r-devel-windows-ix86+x86_64 0.2.3 16.00 301.00 317.00 OK
r-patched-linux-x86_64 0.2.3 5.17 242.89 248.06 OK
r-patched-solaris-x86 0.2.3 446.60 NOTE
r-release-linux-x86_64 0.2.3 OK
r-release-windows-ix86+x86_64 0.2.3 16.00 260.00 276.00 OK
r-release-osx-x86_64 0.2.3 NOTE
r-oldrel-windows-ix86+x86_64 0.2.3 10.00 280.00 290.00 OK
r-oldrel-osx-x86_64 0.2.3 NOTE

Check Details

Version: 0.2.3
Check: dependencies in R code
Result: NOTE
    Namespace in Imports field not imported from: ‘mgcv’
     All declared Imports should be used.
Flavors: r-devel-linux-x86_64-fedora-clang, r-devel-linux-x86_64-fedora-gcc, r-patched-solaris-x86, r-release-osx-x86_64, r-oldrel-osx-x86_64