Last updated on 2022-05-27 05:52:55 CEST.
Flavor | Version | Tinstall | Tcheck | Ttotal | Status | Flags |
---|---|---|---|---|---|---|
r-devel-linux-x86_64-debian-clang | 0.9.1 | 10.70 | 109.11 | 119.81 | OK | |
r-devel-linux-x86_64-debian-gcc | 0.9.1 | 7.56 | 82.85 | 90.41 | OK | |
r-devel-linux-x86_64-fedora-clang | 0.9.1 | 142.73 | NOTE | |||
r-devel-linux-x86_64-fedora-gcc | 0.9.1 | 137.16 | NOTE | |||
r-devel-windows-x86_64 | 0.9.1 | 25.00 | 122.00 | 147.00 | OK | |
r-patched-linux-x86_64 | 0.9.1 | 6.59 | 103.42 | 110.01 | OK | |
r-release-linux-x86_64 | 0.9.1 | 5.78 | 104.41 | 110.19 | OK | |
r-release-macos-arm64 | 0.9.1 | 38.00 | NOTE | |||
r-release-macos-x86_64 | 0.9.1 | 63.00 | NOTE | |||
r-release-windows-x86_64 | 0.9.1 | 20.00 | 123.00 | 143.00 | OK | |
r-oldrel-macos-arm64 | 0.9.1 | 35.00 | NOTE | |||
r-oldrel-macos-x86_64 | 0.9.1 | 51.00 | NOTE | |||
r-oldrel-windows-ix86+x86_64 | 0.9.1 | 21.00 | 117.00 | 138.00 | OK |
Version: 0.9.1
Check: dependencies in R code
Result: NOTE
Namespace in Imports field not imported from: ‘rlang’
All declared Imports should be used.
Flavors: r-devel-linux-x86_64-fedora-clang, r-devel-linux-x86_64-fedora-gcc, r-release-macos-arm64, r-release-macos-x86_64, r-oldrel-macos-arm64, r-oldrel-macos-x86_64