CRAN Package Check Results for Package DHS.rates

Last updated on 2024-06-24 06:49:10 CEST.

Flavor Version Tinstall Tcheck Ttotal Status Flags
r-devel-linux-x86_64-debian-clang 0.9.2 10.58 94.88 105.46 OK
r-devel-linux-x86_64-debian-gcc 0.9.2 6.11 68.58 74.69 OK
r-devel-linux-x86_64-fedora-clang 0.9.2 130.99 NOTE
r-devel-linux-x86_64-fedora-gcc 0.9.2 139.19 NOTE
r-devel-windows-x86_64 0.9.2 8.00 88.00 96.00 OK
r-patched-linux-x86_64 0.9.2 6.63 91.91 98.54 OK
r-release-linux-x86_64 0.9.2 5.82 90.63 96.45 OK
r-release-macos-arm64 0.9.2 43.00 OK
r-release-macos-x86_64 0.9.2 74.00 OK
r-release-windows-x86_64 0.9.2 10.00 89.00 99.00 OK
r-oldrel-macos-arm64 0.9.2 52.00 OK
r-oldrel-macos-x86_64 0.9.2 94.00 OK
r-oldrel-windows-x86_64 0.9.2 11.00 105.00 116.00 OK

Check Details

Version: 0.9.2
Check: dependencies in R code
Result: NOTE Namespace in Imports field not imported from: ‘rlang’ All declared Imports should be used. Flavors: r-devel-linux-x86_64-fedora-clang, r-devel-linux-x86_64-fedora-gcc