CRAN Package Check Results for Package DSMolgenisArmadillo

Last updated on 2021-11-27 05:49:35 CET.

Flavor Version Tinstall Tcheck Ttotal Status Flags
r-devel-linux-x86_64-debian-clang 1.4.0 NOTE
r-devel-linux-x86_64-debian-gcc 1.4.0 3.74 34.80 38.54 NOTE
r-devel-linux-x86_64-fedora-clang 1.4.0 70.80 NOTE
r-devel-linux-x86_64-fedora-gcc 1.4.0 88.84 NOTE
r-devel-windows-x86_64-new-UL 1.4.0 18.00 95.00 113.00 NOTE
r-devel-windows-x86_64-new-TK 1.4.0 NOTE
r-devel-windows-x86_64-old 1.4.0 7.00 62.00 69.00 NOTE
r-patched-linux-x86_64 1.4.0 7.50 42.94 50.44 NOTE
r-patched-solaris-x86 1.4.0 90.40 NOTE
r-release-linux-x86_64 1.4.0 NOTE
r-release-macos-arm64 1.4.0 NOTE
r-release-macos-x86_64 1.4.0 NOTE
r-release-windows-ix86+x86_64 1.4.0 11.00 78.00 89.00 NOTE
r-oldrel-macos-x86_64 1.4.0 NOTE
r-oldrel-windows-ix86+x86_64 1.4.0 21.00 69.00 90.00 NOTE

Check Details

Version: 1.4.0
Check: package dependencies
Result: NOTE
    Package suggested but not available for checking: 'dsBaseClient'
Flavors: r-devel-linux-x86_64-debian-clang, r-devel-linux-x86_64-debian-gcc, r-devel-linux-x86_64-fedora-clang, r-devel-linux-x86_64-fedora-gcc, r-devel-windows-x86_64-new-UL, r-devel-windows-x86_64-new-TK, r-devel-windows-x86_64-old, r-patched-linux-x86_64, r-patched-solaris-x86, r-release-linux-x86_64, r-release-macos-arm64, r-release-macos-x86_64, r-release-windows-ix86+x86_64, r-oldrel-macos-x86_64, r-oldrel-windows-ix86+x86_64