CRAN Package Check Results for Package DWreg

Last updated on 2020-02-16 05:47:51 CET.

Flavor Version Tinstall Tcheck Ttotal Status Flags
r-devel-linux-x86_64-debian-clang 2.0 9.54 80.19 89.73 OK
r-devel-linux-x86_64-debian-gcc 2.0 8.28 63.99 72.27 OK
r-devel-linux-x86_64-fedora-clang 2.0 113.84 OK
r-devel-linux-x86_64-fedora-gcc 2.0 108.20 OK
r-devel-windows-ix86+x86_64 2.0 22.00 94.00 116.00 OK
r-devel-windows-ix86+x86_64-gcc8 2.0 23.00 109.00 132.00 OK
r-patched-linux-x86_64 2.0 8.45 69.85 78.30 OK
r-patched-solaris-x86 2.0 142.00 OK
r-release-linux-x86_64 2.0 8.21 70.76 78.97 OK
r-release-windows-ix86+x86_64 2.0 3.00 4.00 7.00 ERROR
r-release-osx-x86_64 2.0 OK
r-oldrel-windows-ix86+x86_64 2.0 9.00 107.00 116.00 OK
r-oldrel-osx-x86_64 2.0 OK

Check Details

Version: 2.0
Check: whether package can be installed
Result: ERROR
    Installation failed.
Flavor: r-release-windows-ix86+x86_64