CRAN Package Check Results for Package DataVisualizations

Last updated on 2022-01-22 05:10:14 CET.

Flavor Version Tinstall Tcheck Ttotal Status Flags
r-devel-linux-x86_64-debian-clang 1.2.2 55.46 292.62 348.08 OK
r-devel-linux-x86_64-debian-gcc 1.2.2 36.28 216.51 252.79 OK
r-devel-linux-x86_64-fedora-clang 1.2.2 435.01 NOTE
r-devel-linux-x86_64-fedora-gcc 1.2.2 421.13 OK
r-devel-windows-x86_64-new-UL 1.2.2 433.00 321.00 754.00 OK
r-devel-windows-x86_64-new-TK 1.2.2 OK
r-patched-linux-x86_64 1.2.2 49.49 289.12 338.61 OK
r-release-linux-x86_64 1.2.2 48.67 276.74 325.41 OK
r-release-macos-arm64 1.2.2 NOTE
r-release-macos-x86_64 1.2.2 OK
r-release-windows-ix86+x86_64 1.2.2 127.00 345.00 472.00 NOTE
r-oldrel-macos-x86_64 1.2.2 OK
r-oldrel-windows-ix86+x86_64 1.2.2 126.00 345.00 471.00 NOTE

Check Details

Version: 1.2.2
Check: Rd cross-references
Result: NOTE
    Undeclared package ‘FCPS’ in Rd xrefs
Flavor: r-devel-linux-x86_64-fedora-clang

Version: 1.2.2
Check: installed package size
Result: NOTE
     installed size is 5.0Mb
     sub-directories of 1Mb or more:
     doc 1.7Mb
     libs 2.0Mb
Flavors: r-release-macos-arm64, r-release-windows-ix86+x86_64, r-oldrel-windows-ix86+x86_64