CRAN Package Check Results for Package DatabionicSwarm

Last updated on 2019-12-14 05:47:26 CET.

Flavor Version Tinstall Tcheck Ttotal Status Flags
r-devel-linux-x86_64-debian-clang 1.1.2 143.94 113.31 257.25 OK
r-devel-linux-x86_64-debian-gcc 1.1.2 91.74 85.76 177.50 OK
r-devel-linux-x86_64-fedora-clang 1.1.2 357.00 NOTE
r-devel-linux-x86_64-fedora-gcc 1.1.2 336.23 OK
r-devel-windows-ix86+x86_64 1.1.1 254.00 249.00 503.00 OK
r-devel-windows-ix86+x86_64-gcc8 1.1.1 304.00 354.00 658.00 NOTE
r-patched-linux-x86_64 1.1.2 109.57 103.41 212.98 OK
r-patched-solaris-x86 1.1.2 299.50 OK
r-release-linux-x86_64 1.1.2 109.23 102.08 211.31 OK
r-release-windows-ix86+x86_64 1.1.2 348.00 227.00 575.00 NOTE
r-release-osx-x86_64 1.1.1 NOTE
r-oldrel-windows-ix86+x86_64 1.1.1 250.00 246.00 496.00 OK
r-oldrel-osx-x86_64 1.1.2 NOTE

Check Details

Version: 1.1.2
Check: installed package size
Result: NOTE
     installed size is 7.5Mb
     sub-directories of 1Mb or more:
     doc 3.4Mb
     libs 3.8Mb
Flavors: r-devel-linux-x86_64-fedora-clang, r-release-windows-ix86+x86_64, r-oldrel-osx-x86_64

Version: 1.1.1
Check: installed package size
Result: NOTE
     installed size is 5.2Mb
     sub-directories of 1Mb or more:
     doc 2.5Mb
     libs 2.4Mb
Flavors: r-devel-windows-ix86+x86_64-gcc8, r-release-osx-x86_64