CRAN Package Check Results for Package DatabionicSwarm

Last updated on 2019-08-22 05:46:58 CEST.

Flavor Version Tinstall Tcheck Ttotal Status Flags
r-devel-linux-x86_64-debian-clang 1.1.1 111.26 113.97 225.23 OK
r-devel-linux-x86_64-debian-gcc 1.1.1 89.60 89.46 179.06 OK
r-devel-linux-x86_64-fedora-clang 1.1.1 372.93 NOTE
r-devel-linux-x86_64-fedora-gcc 1.1.1 341.91 OK
r-devel-windows-ix86+x86_64 1.1.1 302.00 324.00 626.00 OK
r-patched-linux-x86_64 1.1.1 103.49 122.33 225.82 OK
r-patched-solaris-x86 1.1.1 316.50 OK
r-release-linux-x86_64 1.1.1 105.17 118.28 223.45 OK
r-release-windows-ix86+x86_64 1.1.1 338.00 318.00 656.00 OK
r-release-osx-x86_64 1.1.1 NOTE
r-oldrel-windows-ix86+x86_64 1.1.1 337.00 337.00 674.00 OK
r-oldrel-osx-x86_64 1.1.1 NOTE

Check Details

Version: 1.1.1
Check: installed package size
Result: NOTE
     installed size is 6.6Mb
     sub-directories of 1Mb or more:
     doc 2.5Mb
     libs 3.7Mb
Flavors: r-devel-linux-x86_64-fedora-clang, r-release-osx-x86_64, r-oldrel-osx-x86_64