CRAN Package Check Results for Package DescrTab2

Last updated on 2021-11-30 05:53:16 CET.

Flavor Version Tinstall Tcheck Ttotal Status Flags
r-devel-linux-x86_64-debian-clang 2.0.7 14.26 175.87 190.13 OK
r-devel-linux-x86_64-debian-gcc 2.0.7 11.20 129.79 140.99 OK
r-devel-linux-x86_64-fedora-clang 2.0.7 244.56 NOTE
r-devel-linux-x86_64-fedora-gcc 2.0.7 233.56 NOTE
r-devel-windows-x86_64-new-UL 2.0.7 29.00 253.00 282.00 OK
r-devel-windows-x86_64-new-TK 2.0.7 NOTE
r-devel-windows-x86_64-old 2.0.7 22.00 171.00 193.00 OK
r-patched-linux-x86_64 2.0.7 12.08 172.45 184.53 OK
r-patched-solaris-x86 2.0.7 271.10 NOTE
r-release-linux-x86_64 2.0.7 12.44 173.83 186.27 OK
r-release-macos-arm64 2.0.7 NOTE
r-release-macos-x86_64 2.0.7 NOTE
r-release-windows-ix86+x86_64 2.0.7 31.00 239.00 270.00 OK
r-oldrel-macos-x86_64 2.0.7 NOTE
r-oldrel-windows-ix86+x86_64 2.0.7 25.00 164.00 189.00 OK

Check Details

Version: 2.0.7
Check: dependencies in R code
Result: NOTE
    Namespace in Imports field not imported from: ‘tidyselect’
     All declared Imports should be used.
Flavors: r-devel-linux-x86_64-fedora-clang, r-devel-linux-x86_64-fedora-gcc, r-devel-windows-x86_64-new-TK, r-patched-solaris-x86, r-release-macos-arm64, r-release-macos-x86_64, r-oldrel-macos-x86_64