CRAN Package Check Results for Package DetMCD

Last updated on 2022-08-08 05:50:24 CEST.

Flavor Version Tinstall Tcheck Ttotal Status Flags
r-devel-linux-x86_64-debian-clang 0.0.5 31.82 29.17 60.99 OK
r-devel-linux-x86_64-debian-gcc 0.0.5 29.50 23.90 53.40 OK
r-devel-linux-x86_64-fedora-clang 0.0.5 106.70 NOTE
r-devel-linux-x86_64-fedora-gcc 0.0.5 95.10 OK
r-devel-windows-x86_64 0.0.5 30.00 71.00 101.00 OK
r-patched-linux-x86_64 0.0.5 28.31 30.11 58.42 OK
r-release-linux-x86_64 0.0.5 OK
r-release-macos-arm64 0.0.5 33.00 NOTE
r-release-macos-x86_64 0.0.5 37.00 NOTE
r-release-windows-x86_64 0.0.5 31.00 76.00 107.00 OK
r-oldrel-macos-arm64 0.0.5 36.00 NOTE
r-oldrel-macos-x86_64 0.0.5 51.00 NOTE
r-oldrel-windows-ix86+x86_64 0.0.5 75.00 71.00 146.00 OK

Check Details

Version: 0.0.5
Check: installed package size
Result: NOTE
     installed size is 10.0Mb
     sub-directories of 1Mb or more:
     libs 9.9Mb
Flavors: r-devel-linux-x86_64-fedora-clang, r-release-macos-arm64, r-release-macos-x86_64, r-oldrel-macos-arm64, r-oldrel-macos-x86_64