CRAN Package Check Results for Package DetMCD

Last updated on 2019-08-18 05:46:12 CEST.

Flavor Version Tinstall Tcheck Ttotal Status Flags
r-devel-linux-x86_64-debian-clang 0.0.5 30.60 23.16 53.76 OK
r-devel-linux-x86_64-debian-gcc 0.0.5 28.58 19.48 48.06 OK
r-devel-linux-x86_64-fedora-clang 0.0.5 79.14 NOTE
r-devel-linux-x86_64-fedora-gcc 0.0.5 74.23 OK
r-devel-windows-ix86+x86_64 0.0.5 67.00 71.00 138.00 OK
r-patched-linux-x86_64 0.0.5 27.52 24.15 51.67 OK
r-patched-solaris-x86 0.0.5 75.90 OK
r-release-linux-x86_64 0.0.5 29.89 24.12 54.01 OK
r-release-windows-ix86+x86_64 0.0.5 65.00 70.00 135.00 OK
r-release-osx-x86_64 0.0.5 NOTE
r-oldrel-windows-ix86+x86_64 0.0.5 59.00 73.00 132.00 OK
r-oldrel-osx-x86_64 0.0.5 NOTE

Check Details

Version: 0.0.5
Check: installed package size
Result: NOTE
     installed size is 11.0Mb
     sub-directories of 1Mb or more:
     libs 10.8Mb
Flavors: r-devel-linux-x86_64-fedora-clang, r-release-osx-x86_64, r-oldrel-osx-x86_64