Last updated on 2019-12-09 05:47:10 CET.
Flavor | Version | Tinstall | Tcheck | Ttotal | Status | Flags |
---|---|---|---|---|---|---|
r-devel-linux-x86_64-debian-clang | 0.0.5 | 31.41 | 24.96 | 56.37 | OK | |
r-devel-linux-x86_64-debian-gcc | 0.0.5 | 26.75 | 20.85 | 47.60 | OK | |
r-devel-linux-x86_64-fedora-clang | 0.0.5 | 79.70 | NOTE | |||
r-devel-linux-x86_64-fedora-gcc | 0.0.5 | 75.61 | OK | |||
r-devel-windows-ix86+x86_64 | 0.0.5 | 52.00 | 51.00 | 103.00 | OK | |
r-devel-windows-ix86+x86_64-gcc8 | 0.0.5 | 78.00 | 58.00 | 136.00 | OK | |
r-patched-linux-x86_64 | 0.0.5 | 26.25 | 24.11 | 50.36 | OK | |
r-patched-solaris-x86 | 0.0.5 | 74.70 | OK | |||
r-release-linux-x86_64 | 0.0.5 | 28.85 | 23.62 | 52.47 | OK | |
r-release-windows-ix86+x86_64 | 0.0.5 | 66.00 | 51.00 | 117.00 | OK | |
r-release-osx-x86_64 | 0.0.5 | NOTE | ||||
r-oldrel-windows-ix86+x86_64 | 0.0.5 | 45.00 | 47.00 | 92.00 | OK | |
r-oldrel-osx-x86_64 | 0.0.5 | NOTE |
Version: 0.0.5
Check: installed package size
Result: NOTE
installed size is 11.0Mb
sub-directories of 1Mb or more:
libs 10.8Mb
Flavors: r-devel-linux-x86_64-fedora-clang, r-release-osx-x86_64, r-oldrel-osx-x86_64