CRAN Package Check Results for Package DiagrammeR

Last updated on 2019-08-22 05:46:58 CEST.

Flavor Version Tinstall Tcheck Ttotal Status Flags
r-devel-linux-x86_64-debian-clang 1.0.1 23.00 190.94 213.94 NOTE
r-devel-linux-x86_64-debian-gcc 1.0.1 19.60 145.78 165.38 NOTE
r-devel-linux-x86_64-fedora-clang 1.0.1 253.70 NOTE
r-devel-linux-x86_64-fedora-gcc 1.0.1 249.37 NOTE
r-devel-windows-ix86+x86_64 1.0.1 68.00 346.00 414.00 OK
r-patched-linux-x86_64 1.0.1 23.12 188.25 211.37 OK
r-patched-solaris-x86 1.0.1 327.30 NOTE
r-release-linux-x86_64 1.0.1 21.95 186.83 208.78 OK
r-release-windows-ix86+x86_64 1.0.1 55.00 316.00 371.00 OK
r-release-osx-x86_64 1.0.1 NOTE
r-oldrel-windows-ix86+x86_64 1.0.1 44.00 279.00 323.00 OK
r-oldrel-osx-x86_64 1.0.1 NOTE

Check Details

Version: 1.0.1
Check: for non-standard things in the check directory
Result: NOTE
    Found the following files/directories:
     'edges.csv' 'gnp_graph.dgr' 'nodes.csv'
Flavors: r-devel-linux-x86_64-debian-clang, r-devel-linux-x86_64-debian-gcc, r-devel-linux-x86_64-fedora-clang, r-devel-linux-x86_64-fedora-gcc

Version: 1.0.1
Check: data for non-ASCII characters
Result: NOTE
     Note: found 1 marked UTF-8 string
Flavors: r-devel-linux-x86_64-fedora-clang, r-devel-linux-x86_64-fedora-gcc, r-patched-solaris-x86, r-release-osx-x86_64, r-oldrel-osx-x86_64

Version: 1.0.1
Check: package dependencies
Result: NOTE
    Package suggested but not available for checking: ‘rsvg’
Flavor: r-patched-solaris-x86

Version: 1.0.1
Check: installed package size
Result: NOTE
     installed size is 5.0Mb
     sub-directories of 1Mb or more:
     htmlwidgets 3.3Mb
Flavor: r-patched-solaris-x86