CRAN Package Check Results for Package DiceView

Last updated on 2024-07-18 06:57:22 CEST.

Flavor Version Tinstall Tcheck Ttotal Status Flags
r-devel-linux-x86_64-debian-clang 2.2-0 7.84 59.32 67.16 OK
r-devel-linux-x86_64-debian-gcc 2.2-0 5.34 43.93 49.27 OK
r-devel-linux-x86_64-fedora-clang 2.2-0 85.72 OK
r-devel-linux-x86_64-fedora-gcc 2.2-0 120.44 OK
r-devel-windows-x86_64 2.2-0 7.00 64.00 71.00 OK
r-patched-linux-x86_64 2.2-0 8.00 56.34 64.34 OK
r-release-linux-x86_64 2.2-0 5.23 55.59 60.82 OK
r-release-macos-arm64 2.2-0 33.00 NOTE
r-release-macos-x86_64 2.2-0 52.00 NOTE
r-release-windows-x86_64 2.2-0 6.00 63.00 69.00 OK
r-oldrel-macos-arm64 2.2-0 47.00 OK
r-oldrel-macos-x86_64 2.2-0 92.00 OK
r-oldrel-windows-x86_64 2.2-0 8.00 70.00 78.00 OK

Check Details

Version: 2.2-0
Check: package dependencies
Result: NOTE Package suggested but not available for checking: ‘rlibkriging’ Flavors: r-release-macos-arm64, r-release-macos-x86_64