CRAN Package Check Results for Package DiffusionRimp

Last updated on 2019-12-14 05:47:27 CET.

Flavor Version Tinstall Tcheck Ttotal Status Flags
r-devel-linux-x86_64-debian-clang 0.1.2 34.82 53.29 88.11 OK
r-devel-linux-x86_64-debian-gcc 0.1.2 22.56 42.48 65.04 OK
r-devel-linux-x86_64-fedora-clang 0.1.2 109.57 NOTE
r-devel-linux-x86_64-fedora-gcc 0.1.2 103.48 NOTE
r-devel-windows-ix86+x86_64 0.1.2 61.00 87.00 148.00 OK
r-devel-windows-ix86+x86_64-gcc8 0.1.2 101.00 135.00 236.00 OK
r-patched-linux-x86_64 0.1.2 24.80 48.35 73.15 OK
r-patched-solaris-x86 0.1.2 130.60 OK
r-release-linux-x86_64 0.1.2 22.80 48.41 71.21 OK
r-release-windows-ix86+x86_64 0.1.2 47.00 91.00 138.00 OK
r-release-osx-x86_64 0.1.2 WARN
r-oldrel-windows-ix86+x86_64 0.1.2 46.00 83.00 129.00 OK
r-oldrel-osx-x86_64 0.1.2 OK

Check Details

Version: 0.1.2
Check: compiled code
Result: NOTE
    File ‘DiffusionRimp/libs/DiffusionRimp.so’:
     Found no calls to: ‘R_registerRoutines’, ‘R_useDynamicSymbols’
    
    It is good practice to register native routines and to disable symbol
    search.
    
    See ‘Writing portable packages’ in the ‘Writing R Extensions’ manual.
Flavors: r-devel-linux-x86_64-fedora-clang, r-devel-linux-x86_64-fedora-gcc

Version: 0.1.2
Check: whether package can be installed
Result: WARN
    Found the following significant warnings:
     Warning: 'rgl_init' failed, running with rgl.useNULL = TRUE
Flavor: r-release-osx-x86_64