CRAN Package Check Results for Package DiffusionRimp

Last updated on 2019-08-22 05:46:58 CEST.

Flavor Version Tinstall Tcheck Ttotal Status Flags
r-devel-linux-x86_64-debian-clang 0.1.2 27.29 48.23 75.52 OK
r-devel-linux-x86_64-debian-gcc 0.1.2 20.77 38.63 59.40 OK
r-devel-linux-x86_64-fedora-clang 0.1.2 104.73 NOTE
r-devel-linux-x86_64-fedora-gcc 0.1.2 95.62 NOTE
r-devel-windows-ix86+x86_64 0.1.2 76.00 114.00 190.00 OK
r-patched-linux-x86_64 0.1.2 24.16 47.95 72.11 OK
r-patched-solaris-x86 0.1.2 119.80 OK
r-release-linux-x86_64 0.1.2 24.94 47.78 72.72 OK
r-release-windows-ix86+x86_64 0.1.2 53.00 124.00 177.00 OK
r-release-osx-x86_64 0.1.2 WARN
r-oldrel-windows-ix86+x86_64 0.1.2 65.00 128.00 193.00 OK
r-oldrel-osx-x86_64 0.1.2 OK

Check Details

Version: 0.1.2
Check: compiled code
Result: NOTE
    File ‘DiffusionRimp/libs/DiffusionRimp.so’:
     Found no calls to: ‘R_registerRoutines’, ‘R_useDynamicSymbols’
    
    It is good practice to register native routines and to disable symbol
    search.
    
    See ‘Writing portable packages’ in the ‘Writing R Extensions’ manual.
Flavors: r-devel-linux-x86_64-fedora-clang, r-devel-linux-x86_64-fedora-gcc

Version: 0.1.2
Check: whether package can be installed
Result: WARN
    Found the following significant warnings:
     Warning: 'rgl_init' failed, running with rgl.useNULL = TRUE
Flavor: r-release-osx-x86_64