CRAN Package Check Results for Package DstarM

Last updated on 2024-06-20 06:57:11 CEST.

Flavor Version Tinstall Tcheck Ttotal Status Flags
r-devel-linux-x86_64-debian-clang 0.4.0 47.23 97.73 144.96 NOTE
r-devel-linux-x86_64-debian-gcc 0.4.0 33.73 71.40 105.13 NOTE
r-devel-linux-x86_64-fedora-clang 0.4.0 188.75 NOTE
r-devel-linux-x86_64-fedora-gcc 0.4.0 185.39 NOTE
r-devel-windows-x86_64 0.4.0 39.00 106.00 145.00 NOTE
r-patched-linux-x86_64 0.4.0 43.19 93.34 136.53 NOTE
r-release-linux-x86_64 0.4.0 39.80 93.58 133.38 NOTE
r-release-macos-arm64 0.4.0 47.00 NOTE
r-release-macos-x86_64 0.4.0 72.00 NOTE
r-release-windows-x86_64 0.4.0 38.00 113.00 151.00 WARN
r-oldrel-macos-arm64 0.4.0 54.00 NOTE
r-oldrel-macos-x86_64 0.4.0 91.00 NOTE
r-oldrel-windows-x86_64 0.4.0 47.00 134.00 181.00 NOTE

Check Details

Version: 0.4.0
Check: LazyData
Result: NOTE 'LazyData' is specified without a 'data' directory Flavors: r-devel-linux-x86_64-debian-clang, r-devel-linux-x86_64-debian-gcc, r-devel-linux-x86_64-fedora-clang, r-devel-linux-x86_64-fedora-gcc, r-devel-windows-x86_64, r-patched-linux-x86_64, r-release-linux-x86_64, r-release-macos-arm64, r-release-macos-x86_64, r-release-windows-x86_64, r-oldrel-macos-arm64, r-oldrel-macos-x86_64, r-oldrel-windows-x86_64

Version: 0.4.0
Check: dependencies in R code
Result: NOTE Namespace in Imports field not imported from: ‘Rcpp’ All declared Imports should be used. Flavors: r-devel-linux-x86_64-fedora-clang, r-devel-linux-x86_64-fedora-gcc

Version: 0.4.0
Check: whether the namespace can be loaded with stated dependencies
Result: WARN A namespace must be able to be loaded with just the base namespace loaded: otherwise if the namespace gets loaded by a saved object, the session will be unable to start. Probably some imports need to be declared in the NAMESPACE file. Flavor: r-release-windows-x86_64