CRAN Package Check Results for Package DynComm

Last updated on 2022-01-26 05:54:13 CET.

Flavor Version Tinstall Tcheck Ttotal Status Flags
r-devel-linux-x86_64-debian-clang 2020.1.6 43.28 65.84 109.12 OK
r-devel-linux-x86_64-debian-gcc 2020.1.6 33.56 51.36 84.92 OK
r-devel-linux-x86_64-fedora-clang 2020.1.6 141.80 OK
r-devel-linux-x86_64-fedora-gcc 2020.1.6 134.96 OK
r-devel-windows-x86_64-new-UL 2020.1.6 88.00 112.00 200.00 OK
r-devel-windows-x86_64-new-TK 2020.1.6 OK
r-patched-linux-x86_64 2020.1.6 43.08 61.73 104.81 OK
r-release-linux-x86_64 2020.1.6 37.20 61.57 98.77 OK
r-release-macos-arm64 2020.1.6 NOTE
r-release-macos-x86_64 2020.1.6 NOTE
r-release-windows-ix86+x86_64 2020.1.6 88.00 110.00 198.00 OK
r-oldrel-macos-x86_64 2020.1.6 NOTE
r-oldrel-windows-ix86+x86_64 2020.1.6 91.00 112.00 203.00 OK

Check Details

Version: 2020.1.6
Check: installed package size
Result: NOTE
     installed size is 7.4Mb
     sub-directories of 1Mb or more:
     libs 7.2Mb
Flavors: r-release-macos-arm64, r-release-macos-x86_64, r-oldrel-macos-x86_64