CRAN Package Check Results for Package DynNom

Last updated on 2022-01-22 05:10:15 CET.

Flavor Version Tinstall Tcheck Ttotal Status Flags
r-devel-linux-x86_64-debian-clang 5.0.1 20.04 154.60 174.64 NOTE
r-devel-linux-x86_64-debian-gcc 5.0.1 17.07 117.03 134.10 NOTE
r-devel-linux-x86_64-fedora-clang 5.0.1 213.31 NOTE
r-devel-linux-x86_64-fedora-gcc 5.0.1 196.27 NOTE
r-devel-windows-x86_64-new-UL 5.0.1 29.00 169.00 198.00 NOTE
r-devel-windows-x86_64-new-TK 5.0.1 NOTE
r-patched-linux-x86_64 5.0.1 19.52 146.92 166.44 NOTE
r-release-linux-x86_64 5.0.1 13.69 146.84 160.53 NOTE
r-release-macos-arm64 5.0.1 NOTE
r-release-macos-x86_64 5.0.1 NOTE
r-release-windows-ix86+x86_64 5.0.1 46.00 168.00 214.00 NOTE
r-oldrel-macos-x86_64 5.0.1 OK
r-oldrel-windows-ix86+x86_64 5.0.1 46.00 176.00 222.00 OK

Check Details

Version: 5.0.1
Check: LazyData
Result: NOTE
     'LazyData' is specified without a 'data' directory
Flavors: r-devel-linux-x86_64-debian-clang, r-devel-linux-x86_64-debian-gcc, r-devel-linux-x86_64-fedora-clang, r-devel-linux-x86_64-fedora-gcc, r-devel-windows-x86_64-new-UL, r-devel-windows-x86_64-new-TK, r-patched-linux-x86_64, r-release-linux-x86_64, r-release-macos-arm64, r-release-macos-x86_64, r-release-windows-ix86+x86_64