Last updated on 2022-08-18 05:52:29 CEST.
Flavor | Version | Tinstall | Tcheck | Ttotal | Status | Flags |
---|---|---|---|---|---|---|
r-devel-linux-x86_64-debian-clang | 1.0.2 | 30.13 | 121.15 | 151.28 | OK | |
r-devel-linux-x86_64-debian-gcc | 1.0.2 | 27.71 | 90.02 | 117.73 | OK | |
r-devel-linux-x86_64-fedora-clang | 1.0.2 | 201.90 | NOTE | |||
r-devel-linux-x86_64-fedora-gcc | 1.0.2 | 211.61 | NOTE | |||
r-devel-windows-x86_64 | 1.0.2 | 90.00 | 169.00 | 259.00 | OK | |
r-patched-linux-x86_64 | 1.0.2 | 25.95 | 112.58 | 138.53 | OK | |
r-release-linux-x86_64 | 1.0.2 | 23.93 | 113.73 | 137.66 | OK | |
r-release-macos-arm64 | 1.0.2 | 54.00 | NOTE | |||
r-release-macos-x86_64 | 1.0.2 | 89.00 | NOTE | |||
r-release-windows-x86_64 | 1.0.2 | 99.00 | 168.00 | 267.00 | OK | |
r-oldrel-macos-arm64 | 1.0.2 | 59.00 | NOTE | |||
r-oldrel-macos-x86_64 | 1.0.2 | 102.00 | NOTE | |||
r-oldrel-windows-ix86+x86_64 | 1.0.2 | 86.00 | 201.00 | 287.00 | OK |
Version: 1.0.2
Check: dependencies in R code
Result: NOTE
Namespaces in Imports field not imported from:
‘gtools’ ‘separationplot’
All declared Imports should be used.
Flavors: r-devel-linux-x86_64-fedora-clang, r-devel-linux-x86_64-fedora-gcc, r-release-macos-arm64, r-release-macos-x86_64, r-oldrel-macos-arm64, r-oldrel-macos-x86_64