CRAN Package Check Results for Package ECTTDNN

Last updated on 2022-08-11 05:54:28 CEST.

Flavor Version Tinstall Tcheck Ttotal Status Flags
r-devel-linux-x86_64-debian-clang 0.1.0 7.31 77.36 84.67 NOTE
r-devel-linux-x86_64-debian-gcc 0.1.0 5.03 57.38 62.41 NOTE
r-devel-linux-x86_64-fedora-clang 0.1.0 115.53 NOTE
r-devel-linux-x86_64-fedora-gcc 0.1.0 117.19 NOTE
r-devel-windows-x86_64 0.1.0 10.00 99.00 109.00 NOTE
r-patched-linux-x86_64 0.1.0 5.69 73.48 79.17 NOTE
r-release-linux-x86_64 0.1.0 NOTE
r-release-macos-arm64 0.1.0 29.00 NOTE
r-release-macos-x86_64 0.1.0 58.00 NOTE
r-release-windows-x86_64 0.1.0 12.00 98.00 110.00 NOTE
r-oldrel-macos-arm64 0.1.0 32.00 NOTE
r-oldrel-macos-x86_64 0.1.0 49.00 NOTE
r-oldrel-windows-ix86+x86_64 0.1.0 20.00 96.00 116.00 NOTE

Check Details

Version: 0.1.0
Check: LazyData
Result: NOTE
     'LazyData' is specified without a 'data' directory
Flavors: r-devel-linux-x86_64-debian-clang, r-devel-linux-x86_64-debian-gcc, r-devel-linux-x86_64-fedora-clang, r-devel-linux-x86_64-fedora-gcc, r-devel-windows-x86_64, r-patched-linux-x86_64, r-release-linux-x86_64, r-release-macos-arm64, r-release-macos-x86_64, r-release-windows-x86_64, r-oldrel-macos-arm64, r-oldrel-macos-x86_64, r-oldrel-windows-ix86+x86_64