CRAN Package Check Results for Package EML

Last updated on 2019-08-25 05:46:46 CEST.

Flavor Version Tinstall Tcheck Ttotal Status Flags
r-devel-linux-x86_64-debian-clang 2.0.0 10.32 94.10 104.42 OK
r-devel-linux-x86_64-debian-gcc 2.0.0 9.00 71.37 80.37 OK
r-devel-linux-x86_64-fedora-clang 2.0.0 106.34 OK
r-devel-linux-x86_64-fedora-gcc 2.0.0 100.92 OK
r-devel-windows-ix86+x86_64 2.0.0 22.00 103.00 125.00 OK --no-vignettes
r-patched-linux-x86_64 2.0.0 10.24 92.64 102.88 OK
r-patched-solaris-x86 2.0.0 131.10 ERROR
r-release-linux-x86_64 2.0.0 10.57 92.28 102.85 OK
r-release-windows-ix86+x86_64 2.0.0 33.00 154.00 187.00 OK --no-vignettes
r-release-osx-x86_64 2.0.0 ERROR
r-oldrel-windows-ix86+x86_64 2.0.0 21.00 158.00 179.00 OK --no-vignettes
r-oldrel-osx-x86_64 2.0.0 ERROR

Check Details

Version: 2.0.0
Check: tests
Result: ERROR
     Running ‘spelling.R’
     Running ‘testthat.R’ [22s/36s]
    Running the tests in ‘tests/testthat.R’ failed.
    Complete output:
     > library(testthat)
     > library(EML)
     >
     > test_check("EML")
     sh: +RTS: not found
     ── 1. Error: set_method with additional input files (@test-additional-tests.R#43
     pandoc document conversion failed with error 127
     1: set_methods(file, qualityControl_file = file, sampling_file = file, sampling_coverage = coverage) at testthat/test-additional-tests.R:43
     2: set_TextType(sampling_file)
     3: to_docbook(file)
     4: pandoc_convert(basename(file), to = "docbook", output = normalizePath(docbook_file,
     winslash = "/", mustWork = FALSE), options = "-s")
     5: stop("pandoc document conversion failed with error ", result, call. = FALSE)
    
     ══ 1 queries ═══════════════
     ✔ Found: Macrocystis pyrifera
     ══ Results ═════════════════
    
     ● Total: 1
     ● Found: 1
     ● Not Found: 0
     ══ testthat results ═══════════════════════════════════════════════════════════
     [ OK: 83 | SKIPPED: 6 | WARNINGS: 2 | FAILED: 1 ]
     1. Error: set_method with additional input files (@test-additional-tests.R#43)
    
     Error: testthat unit tests failed
     Execution halted
Flavor: r-patched-solaris-x86

Version: 2.0.0
Check: tests
Result: ERROR
     Running ‘spelling.R’ [0s/0s]
     Running ‘testthat.R’ [13s/15s]
    Running the tests in ‘tests/testthat.R’ failed.
    Last 13 lines of output:
     pandoc document conversion failed with error 127
     1: set_methods(methods_file) at testthat/test-eml2.R:25
     2: set_TextType(methods_file)
     3: to_docbook(file)
     4: pandoc_convert(basename(file), to = "docbook", output = normalizePath(docbook_file,
     winslash = "/", mustWork = FALSE), options = "-s")
     5: stop("pandoc document conversion failed with error ", result, call. = FALSE)
    
     ══ testthat results ═══════════════════════════════════════════════════════════
     OK: 83 SKIPPED: 5 WARNINGS: 3 FAILED: 2
     1. Error: set_method with additional input files (@test-additional-tests.R#43)
     2. Error: we can do a complete eml construction (@test-eml2.R#25)
    
     Error: testthat unit tests failed
     Execution halted
Flavor: r-release-osx-x86_64

Version: 2.0.0
Check: tests
Result: ERROR
     Running ‘spelling.R’ [0s/0s]
     Running ‘testthat.R’ [14s/16s]
    Running the tests in ‘tests/testthat.R’ failed.
    Last 13 lines of output:
    
     ══ 1 queries ═══════════════
     ✔ Found: Macrocystis pyrifera
     ══ Results ═════════════════
    
     ● Total: 1
     ● Found: 1
     ● Not Found: 0
     ══ testthat results ═══════════════════════════════════════════════════════════
     [ OK: 83 | SKIPPED: 5 | WARNINGS: 3 | FAILED: 2 ]
     1. Error: set_method with additional input files (@test-additional-tests.R#43)
     2. Error: we can do a complete eml construction (@test-eml2.R#25)
    
     Error: testthat unit tests failed
     Execution halted
Flavor: r-oldrel-osx-x86_64