CRAN Package Check Results for Package EML

Last updated on 2020-01-28 05:50:12 CET.

Flavor Version Tinstall Tcheck Ttotal Status Flags
r-devel-linux-x86_64-debian-clang 2.0.1 10.61 102.27 112.88 OK
r-devel-linux-x86_64-debian-gcc 2.0.1 9.59 78.59 88.18 ERROR
r-devel-linux-x86_64-fedora-clang 2.0.1 112.28 OK
r-devel-linux-x86_64-fedora-gcc 2.0.1 106.66 OK
r-devel-windows-ix86+x86_64 2.0.1 22.00 160.00 182.00 OK --no-vignettes
r-devel-windows-ix86+x86_64-gcc8 2.0.1 37.00 165.00 202.00 OK --no-vignettes
r-patched-linux-x86_64 2.0.1 OK
r-patched-solaris-x86 2.0.1 133.40 OK
r-release-linux-x86_64 2.0.1 9.42 93.74 103.16 OK
r-release-windows-ix86+x86_64 2.0.1 19.00 251.00 270.00 OK --no-vignettes
r-release-osx-x86_64 2.0.1 OK
r-oldrel-windows-ix86+x86_64 2.0.1 19.00 90.00 109.00 OK --no-vignettes
r-oldrel-osx-x86_64 2.0.1 OK

Check Details

Version: 2.0.1
Check: tests
Result: ERROR
     Running ‘spelling.R’ [0s/1s]
     Running ‘testthat.R’ [17s/113s]
    Running the tests in ‘tests/testthat.R’ failed.
    Complete output:
     > library(testthat)
     > library(EML)
     >
     > test_check("EML")
     ══ 1 queries ═══════════════
     ── 1. Error: set_taxonomicCoverage works with
     ITIS using taxize (@tes
     Not Found (HTTP 404)
     Backtrace:
     1. EML::set_taxonomicCoverage(c("Macrocystis pyrifera"), expand = TRUE)
     2. EML:::expand_scinames(sci_names, db)
     4. taxize:::classification.default(sci_names, db = db)
     5. taxize:::process_ids(x, db, get_tsn, rows = rows, ...)
     6. eval(fxn)(input, ...)
     7. ritis::terms(searchterm[i], what = searchtype, ...)
     8. base::lapply(...)
     9. ritis:::FUN(X[[i]], ...)
     10. ritis:::itistermsfromscientificname(x, wt, raw, ...)
     11. ritis:::itis_GET(...)
     12. tt$raise_for_status()
     14. fauxpas:::http.HttpResponse(self, behavior = "stop")
     15. tmp$do(response)
    
     ══ testthat results ═══════════════════════════════════════════════════════════
     [ OK: 85 | SKIPPED: 7 | WARNINGS: 0 | FAILED: 1 ]
     1. Error: set_taxonomicCoverage works with
     ITIS using taxize (@test-set_taxonomicCoverage.R#37)
    
     Error: testthat unit tests failed
     Execution halted
Flavor: r-devel-linux-x86_64-debian-gcc