CRAN Package Check Results for Package EMMIXgene

Last updated on 2019-08-23 05:46:53 CEST.

Flavor Version Tinstall Tcheck Ttotal Status Flags
r-devel-linux-x86_64-debian-clang 0.1.1 48.25 71.28 119.53 OK
r-devel-linux-x86_64-debian-gcc 0.1.1 41.13 55.40 96.53 OK
r-devel-linux-x86_64-fedora-clang 0.1.1 158.25 NOTE
r-devel-linux-x86_64-fedora-gcc 0.1.1 153.97 OK
r-devel-windows-ix86+x86_64 0.1.1 169.00 179.00 348.00 OK
r-patched-linux-x86_64 0.1.1 46.76 72.67 119.43 OK
r-patched-solaris-x86 0.1.1 171.90 OK
r-release-linux-x86_64 0.1.1 46.71 72.25 118.96 OK
r-release-windows-ix86+x86_64 0.1.1 147.00 170.00 317.00 OK
r-release-osx-x86_64 0.1.1 NOTE
r-oldrel-windows-ix86+x86_64 0.1.1 130.00 158.00 288.00 OK
r-oldrel-osx-x86_64 0.1.1 NOTE

Check Details

Version: 0.1.1
Check: installed package size
Result: NOTE
     installed size is 6.4Mb
     sub-directories of 1Mb or more:
     data 2.0Mb
     libs 3.6Mb
Flavors: r-devel-linux-x86_64-fedora-clang, r-release-osx-x86_64, r-oldrel-osx-x86_64