CRAN Package Check Results for Package EMMIXgene

Last updated on 2020-01-19 05:47:05 CET.

Flavor Version Tinstall Tcheck Ttotal Status Flags
r-devel-linux-x86_64-debian-clang 0.1.1 54.89 68.29 123.18 WARN
r-devel-linux-x86_64-debian-gcc 0.1.1 41.95 51.12 93.07 WARN
r-devel-linux-x86_64-fedora-clang 0.1.1 165.16 WARN
r-devel-linux-x86_64-fedora-gcc 0.1.1 160.76 WARN
r-devel-windows-ix86+x86_64 0.1.1 153.00 176.00 329.00 WARN
r-devel-windows-ix86+x86_64-gcc8 0.1.1 111.00 128.00 239.00 WARN
r-patched-linux-x86_64 0.1.1 44.99 64.93 109.92 OK
r-patched-solaris-x86 0.1.1 179.70 OK
r-release-linux-x86_64 0.1.1 45.16 64.14 109.30 OK
r-release-windows-ix86+x86_64 0.1.1 144.00 160.00 304.00 OK
r-release-osx-x86_64 0.1.1 NOTE
r-oldrel-windows-ix86+x86_64 0.1.1 135.00 117.00 252.00 OK
r-oldrel-osx-x86_64 0.1.1 NOTE

Check Details

Version: 0.1.1
Check: whether package can be installed
Result: WARN
    Found the following significant warnings:
     emmix.cpp:351:195: warning: expression result unused [-Wunused-value]
Flavors: r-devel-linux-x86_64-debian-clang, r-devel-linux-x86_64-fedora-clang

Version: 0.1.1
Check: whether package can be installed
Result: WARN
    Found the following significant warnings:
     emmix.cpp:351:195: warning: value computed is not used [-Wunused-value]
Flavors: r-devel-linux-x86_64-debian-gcc, r-devel-linux-x86_64-fedora-gcc, r-devel-windows-ix86+x86_64, r-devel-windows-ix86+x86_64-gcc8

Version: 0.1.1
Check: installed package size
Result: NOTE
     installed size is 6.4Mb
     sub-directories of 1Mb or more:
     data 2.0Mb
     libs 3.6Mb
Flavors: r-devel-linux-x86_64-fedora-clang, r-devel-windows-ix86+x86_64-gcc8, r-release-osx-x86_64, r-oldrel-osx-x86_64