CRAN Package Check Results for Package ERP

Last updated on 2024-06-17 06:50:16 CEST.

Flavor Version Tinstall Tcheck Ttotal Status Flags
r-devel-linux-x86_64-debian-clang 2.2 12.15 233.27 245.42 NOTE
r-devel-linux-x86_64-debian-gcc 2.2 7.11 202.16 209.27 NOTE
r-devel-linux-x86_64-fedora-clang 2.2 303.59 NOTE
r-devel-linux-x86_64-fedora-gcc 2.2 340.12 NOTE
r-devel-windows-x86_64 2.2 9.00 218.00 227.00 NOTE
r-patched-linux-x86_64 2.2 10.42 258.34 268.76 NOTE
r-release-linux-x86_64 2.2 11.29 249.70 260.99 NOTE
r-release-macos-arm64 2.2 145.00 NOTE
r-release-macos-x86_64 2.2 309.00 NOTE
r-release-windows-x86_64 2.2 9.00 158.00 167.00 ERROR
r-oldrel-macos-arm64 2.2 168.00 OK
r-oldrel-macos-x86_64 2.2 228.00 OK
r-oldrel-windows-x86_64 2.2 8.00 250.00 258.00 OK

Check Details

Version: 2.2
Check: Rd files
Result: NOTE checkRd: (-1) ifa.Rd:16: Lost braces; missing escapes or markup? 16 | If Sigma has the q-factor decomposition Sigma=diag(Psi)+BB', then Sigma^{-1} | ^ checkRd: (-1) ifa.Rd:17: Lost braces; missing escapes or markup? 17 | has the corresponding q-factor decomposition Sigma^{-1}=diag(phi)(I-theta theta')diag(phi), where theta is a mxq matrix and phi the vector of | ^ checkRd: (-1) ifa.Rd:21: Lost braces; missing escapes or markup? 21 | \item{iSB}{m x q matrix (diag(Psi)+BB')^{-1}B.} | ^ checkRd: (-1) isqrtfa.Rd:15: Lost braces; missing escapes or markup? 15 | If Sigma has the q-factor decomposition Sigma=diag(Psi)+BB', then the function returns a matrix Omega such that Sigma^{-1} = Omega Omega'. Equivalently, | ^ Flavors: r-devel-linux-x86_64-debian-clang, r-devel-linux-x86_64-debian-gcc, r-devel-linux-x86_64-fedora-clang, r-devel-linux-x86_64-fedora-gcc, r-devel-windows-x86_64, r-patched-linux-x86_64, r-release-linux-x86_64, r-release-macos-arm64, r-release-macos-x86_64, r-release-windows-x86_64

Version: 2.2
Check: re-building of vignette outputs
Result: ERROR Error(s) in re-building vignettes: --- re-building 'ERP.Rmd' using rmarkdown Quitting from lines 317-321 [unnamed-chunk-21] (ERP.Rmd) Error: processing vignette 'ERP.Rmd' failed with diagnostics: cannot allocate vector of size 126 Kb --- failed re-building 'ERP.Rmd' SUMMARY: processing the following file failed: 'ERP.Rmd' Error: Vignette re-building failed. Execution halted Flavor: r-release-windows-x86_64