CRAN Package Check Results for Package ERSA

Last updated on 2022-09-24 05:51:02 CEST.

Flavor Version Tinstall Tcheck Ttotal Status Flags
r-devel-linux-x86_64-debian-clang 0.1.3 8.80 85.14 93.94 NOTE
r-devel-linux-x86_64-debian-gcc 0.1.3 6.88 63.41 70.29 NOTE
r-devel-linux-x86_64-fedora-clang 0.1.3 121.43 NOTE
r-devel-linux-x86_64-fedora-gcc 0.1.3 117.19 NOTE
r-devel-windows-x86_64 0.1.3 22.00 111.00 133.00 NOTE
r-patched-linux-x86_64 0.1.3 9.50 78.07 87.57 NOTE
r-release-linux-x86_64 0.1.3 9.18 77.35 86.53 NOTE
r-release-macos-arm64 0.1.3 37.00 NOTE
r-release-macos-x86_64 0.1.3 59.00 NOTE
r-release-windows-x86_64 0.1.3 20.00 110.00 130.00 NOTE
r-oldrel-macos-arm64 0.1.3 48.00 NOTE
r-oldrel-macos-x86_64 0.1.3 58.00 NOTE
r-oldrel-windows-ix86+x86_64 0.1.3 21.00 109.00 130.00 NOTE

Check Details

Version: 0.1.3
Check: LazyData
Result: NOTE
     'LazyData' is specified without a 'data' directory
Flavors: r-devel-linux-x86_64-debian-clang, r-devel-linux-x86_64-debian-gcc, r-devel-linux-x86_64-fedora-clang, r-devel-linux-x86_64-fedora-gcc, r-devel-windows-x86_64, r-patched-linux-x86_64, r-release-linux-x86_64, r-release-macos-arm64, r-release-macos-x86_64, r-release-windows-x86_64, r-oldrel-macos-arm64, r-oldrel-macos-x86_64, r-oldrel-windows-ix86+x86_64