CRAN Package Check Results for Package EZtune

Last updated on 2019-12-14 05:47:28 CET.

Flavor Version Tinstall Tcheck Ttotal Status Flags
r-devel-linux-x86_64-debian-clang 2.0.0 4.42 420.35 424.77 OK
r-devel-linux-x86_64-debian-gcc 2.0.0 3.48 270.34 273.82 OK
r-devel-linux-x86_64-fedora-clang 2.0.0 551.57 OK
r-devel-linux-x86_64-fedora-gcc 2.0.0 417.47 OK
r-devel-windows-ix86+x86_64 2.0.0 8.00 387.00 395.00 OK
r-devel-windows-ix86+x86_64-gcc8 2.0.0 10.00 428.00 438.00 OK
r-patched-linux-x86_64 2.0.0 3.76 336.35 340.11 OK
r-patched-solaris-x86 2.0.0 747.60 OK
r-release-linux-x86_64 2.0.0 3.30 413.68 416.98 OK
r-release-windows-ix86+x86_64 2.0.0 7.00 386.00 393.00 OK
r-release-osx-x86_64 2.0.0 OK
r-oldrel-windows-ix86+x86_64 2.0.0 4.00 430.00 434.00 OK
r-oldrel-osx-x86_64 2.0.0 ERROR

Check Details

Version: 2.0.0
Check: dependencies in R code
Result: NOTE
    Missing or unexported object: ‘optimx::hjn’
Flavor: r-oldrel-osx-x86_64

Version: 2.0.0
Check: examples
Result: ERROR
    Running examples in ‘EZtune-Ex.R’ failed
    The error most likely occurred in:
    
    > ### Name: eztune
    > ### Title: Supervised Learning Function
    > ### Aliases: eztune
    >
    > ### ** Examples
    >
    > library(mlbench)
    > data(Sonar)
    > sonar <- Sonar[sample(1:nrow(Sonar), 100), ]
    >
    > y <- sonar[, 61]
    > x <- sonar[, 1:10]
    >
    > # Optimize an SVM using the default fast setting and Hooke-Jeeves
    > eztune(x, y)
    Error: 'hjn' is not an exported object from 'namespace:optimx'
    Execution halted
Flavor: r-oldrel-osx-x86_64

Version: 2.0.0
Check: re-building of vignette outputs
Result: WARN
    Error in re-building vignettes:
     ...
    Warning in engine$weave(file, quiet = quiet, encoding = enc) :
     Pandoc (>= 1.12.3) and/or pandoc-citeproc not available. Falling back to R Markdown v1.
    Quitting from lines 152-156 (EZtune.Rmd)
    Error: processing vignette 'EZtune.Rmd' failed with diagnostics:
    'hjn' is not an exported object from 'namespace:optimx'
    Execution halted
Flavor: r-oldrel-osx-x86_64