CRAN Package Check Results for Package Eagle

Last updated on 2024-06-21 06:58:12 CEST.

Flavor Version Tinstall Tcheck Ttotal Status Flags
r-devel-linux-x86_64-debian-clang 2.5 337.97 89.50 427.47 NOTE
r-devel-linux-x86_64-debian-gcc 2.5 238.24 70.94 309.18 NOTE
r-devel-linux-x86_64-fedora-clang 2.5 657.65 NOTE
r-devel-linux-x86_64-fedora-gcc 2.5 678.86 NOTE
r-devel-windows-x86_64 2.5 258.00 109.00 367.00 NOTE
r-patched-linux-x86_64 2.5 289.89 92.59 382.48 NOTE
r-release-linux-x86_64 2.5 264.89 92.89 357.78 NOTE
r-release-macos-arm64 2.5 113.00 NOTE
r-release-macos-x86_64 2.5 104.00 NOTE
r-release-windows-x86_64 2.5 256.00 82.00 338.00 FAIL
r-oldrel-macos-arm64 2.5 130.00 NOTE
r-oldrel-macos-x86_64 2.5 226.00 NOTE
r-oldrel-windows-x86_64 2.5 327.00 138.00 465.00 NOTE

Check Details

Version: 2.5
Check: Rd files
Result: NOTE checkRd: (-1) AM.Rd:95-98: Lost braces in \itemize; meant \describe ? checkRd: (-1) AM.Rd:99-102: Lost braces in \itemize; meant \describe ? checkRd: (-1) AM.Rd:103: Lost braces in \itemize; meant \describe ? checkRd: (-1) AM.Rd:123-125: Lost braces in \itemize; meant \describe ? checkRd: (-1) AM.Rd:126-133: Lost braces in \itemize; meant \describe ? checkRd: (-1) AM.Rd:134-135: Lost braces in \itemize; meant \describe ? checkRd: (-1) AM.Rd:136-137: Lost braces in \itemize; meant \describe ? checkRd: (-1) AM.Rd:163-165: Lost braces in \itemize; meant \describe ? checkRd: (-1) AM.Rd:166-173: Lost braces in \itemize; meant \describe ? checkRd: (-1) AM.Rd:174-176: Lost braces in \itemize; meant \describe ? checkRd: (-1) AM.Rd:177-178: Lost braces in \itemize; meant \describe ? checkRd: (-1) AM.Rd:179-180: Lost braces in \itemize; meant \describe ? Flavors: r-devel-linux-x86_64-debian-clang, r-devel-linux-x86_64-debian-gcc, r-devel-linux-x86_64-fedora-clang, r-devel-linux-x86_64-fedora-gcc, r-devel-windows-x86_64, r-patched-linux-x86_64, r-release-linux-x86_64, r-release-macos-arm64, r-release-macos-x86_64, r-release-windows-x86_64

Version: 2.5
Check: C++ specification
Result: NOTE Specified C++11: please drop specification unless essential Flavors: r-devel-windows-x86_64, r-release-windows-x86_64, r-oldrel-windows-x86_64

Version: 2.5
Check: installed package size
Result: NOTE installed size is 12.7Mb sub-directories of 1Mb or more: libs 11.3Mb shiny_app 1.1Mb Flavors: r-release-macos-arm64, r-release-macos-x86_64, r-oldrel-macos-arm64, r-oldrel-macos-x86_64

Version: 2.5
Check: for code/documentation mismatches
Result: WARN Mingw-w64 runtime failure: VirtualProtect failed with code 0x5af Flavor: r-release-windows-x86_64

Version: 2.5
Check: examples
Result: ERROR Running examples in 'Eagle-Ex.R' failed The error occurred in: R version 4.4.0 (2024-04-24 ucrt) -- "Puppy Cup" Copyright (C) 2024 The R Foundation for Statistical Computing Platform: x86_64-w64-mingw32/x64 R is free software and comes with ABSOLUTELY NO WARRANTY. You are welcome to redistribute it under certain conditions. Type 'license()' or 'licence()' for distribution details. Natural language support but running in an English locale R is a collaborative project with many contributors. Type 'contributors()' for more information and 'citation()' on how to cite R or R packages in publications. Type 'demo()' for some demos, 'help()' for on-line help, or 'help.start()' for an HTML browser interface to help. Type 'q()' to quit R. > pkgname <- "Eagle" > source(file.path(R.home("share"), "R", "examples-header.R")) > options(warn = 1) > options(pager = "console") > library('Eagle') Loading required package: shinyFiles Mingw-w64 runtime failure: VirtualProtect failed with code 0x5af Flavor: r-release-windows-x86_64

Version: 2.5
Check: PDF version of manual
Result: WARN LaTeX errors when creating PDF version. This typically indicates Rd problems. Flavor: r-release-windows-x86_64

Version: 2.5
Check: PDF version of manual without index
Result: ERROR Re-running with no redirection of stdout/stderr. Flavor: r-release-windows-x86_64

Version: 2.5
Check: HTML version of manual
Result: FAIL
Flavor: r-release-windows-x86_64